Last updated on 2025-11-15 02:53:13 CET.
| Flavor | Version | Tinstall | Tcheck | Ttotal | Status | Flags |
|---|---|---|---|---|---|---|
| r-devel-linux-x86_64-debian-clang | 2.4.2 | 84.05 | 282.37 | 366.42 | OK | |
| r-devel-linux-x86_64-debian-gcc | 2.4.2 | 60.46 | 191.38 | 251.84 | OK | |
| r-devel-linux-x86_64-fedora-clang | 2.4.2 | 261.00 | 332.91 | 593.91 | OK | |
| r-devel-linux-x86_64-fedora-gcc | 2.4.2 | 395.00 | 234.37 | 629.37 | OK | |
| r-devel-windows-x86_64 | 2.4.2 | 125.00 | 202.00 | 327.00 | OK | --no-examples --no-tests --no-vignettes |
| r-patched-linux-x86_64 | 2.4.2 | 87.76 | 270.47 | 358.23 | OK | |
| r-release-linux-x86_64 | 2.4.2 | 87.64 | 269.83 | 357.47 | OK | |
| r-release-macos-arm64 | 2.4.2 | 35.00 | 116.00 | 151.00 | OK | |
| r-release-macos-x86_64 | 2.4.2 | 64.00 | 347.00 | 411.00 | OK | |
| r-release-windows-x86_64 | 2.4.2 | 96.00 | 222.00 | 318.00 | OK | --no-examples --no-tests --no-vignettes |
| r-oldrel-macos-arm64 | 2.4.2 | 36.00 | 122.00 | 158.00 | NOTE | |
| r-oldrel-macos-x86_64 | 2.4.2 | 51.00 | 257.00 | 308.00 | NOTE | |
| r-oldrel-windows-x86_64 | 2.4.2 | 123.00 | 194.00 | 317.00 | OK | --no-examples --no-tests --no-vignettes |
Version: 2.4.2
Check: installed package size
Result: NOTE
installed size is 20.9Mb
sub-directories of 1Mb or more:
data 1.4Mb
libs 18.3Mb
Flavors: r-oldrel-macos-arm64, r-oldrel-macos-x86_64