Last updated on 2024-08-16 01:48:28 CEST.
Flavor | Version | Tinstall | Tcheck | Ttotal | Status | Flags |
---|---|---|---|---|---|---|
r-devel-linux-x86_64-debian-clang | 1.3.2 | 7.49 | 99.35 | 106.84 | OK | |
r-devel-linux-x86_64-debian-gcc | 1.3.2 | 4.86 | 73.12 | 77.98 | OK | |
r-devel-linux-x86_64-fedora-clang | 1.3.2 | 176.93 | NOTE | |||
r-devel-linux-x86_64-fedora-gcc | 1.3.2 | 181.31 | NOTE | |||
r-devel-windows-x86_64 | 1.3.2 | 10.00 | 110.00 | 120.00 | OK | |
r-patched-linux-x86_64 | 1.3.2 | 7.64 | 93.72 | 101.36 | OK | |
r-release-linux-x86_64 | 1.3.2 | 6.95 | 95.67 | 102.62 | OK | |
r-release-macos-arm64 | 1.3.2 | 62.00 | OK | |||
r-release-macos-x86_64 | 1.3.2 | 91.00 | OK | |||
r-release-windows-x86_64 | 1.3.2 | 10.00 | 110.00 | 120.00 | OK | |
r-oldrel-macos-arm64 | 1.3.2 | 61.00 | OK | |||
r-oldrel-macos-x86_64 | 1.3.2 | 230.00 | OK | |||
r-oldrel-windows-x86_64 | 1.3.2 | 13.00 | 132.00 | 145.00 | OK |
Version: 1.3.2
Check: data for non-ASCII characters
Result: NOTE
Note: found 19 marked UTF-8 strings
Flavors: r-devel-linux-x86_64-fedora-clang, r-devel-linux-x86_64-fedora-gcc