Last updated on 2025-05-13 02:51:04 CEST.
Flavor | Version | Tinstall | Tcheck | Ttotal | Status | Flags |
---|---|---|---|---|---|---|
r-devel-linux-x86_64-debian-clang | 1.2 | 1.87 | 22.42 | 24.29 | NOTE | |
r-devel-linux-x86_64-debian-gcc | 1.2 | 1.53 | 17.95 | 19.48 | NOTE | |
r-devel-linux-x86_64-fedora-clang | 1.2 | 37.44 | OK | |||
r-devel-linux-x86_64-fedora-gcc | 1.2 | 35.69 | OK | |||
r-devel-windows-x86_64 | 1.2 | 3.00 | 42.00 | 45.00 | OK | |
r-patched-linux-x86_64 | 1.2 | 1.89 | 21.71 | 23.60 | OK | |
r-release-linux-x86_64 | 1.2 | 1.79 | 21.75 | 23.54 | OK | |
r-release-macos-arm64 | 1.2 | 19.00 | OK | |||
r-release-macos-x86_64 | 1.2 | 28.00 | OK | |||
r-release-windows-x86_64 | 1.2 | 3.00 | 44.00 | 47.00 | OK | |
r-oldrel-macos-arm64 | 1.2 | 16.00 | OK | |||
r-oldrel-macos-x86_64 | 1.2 | 30.00 | OK | |||
r-oldrel-windows-x86_64 | 1.2 | 3.00 | 50.00 | 53.00 | OK |
Version: 1.2
Check: CRAN incoming feasibility
Result: NOTE
Maintainer: ‘Charles Bouveyron <charles.bouveyron@gmail.com>’
No Authors@R field in DESCRIPTION.
Please add one, modifying
Authors@R: c(person(given = c("Charles", "Bouveyron", "&", "Stephane"),
family = "Girard",
role = "aut"),
person(given = "Charles",
family = "Bouveyron",
role = "cre",
email = "charles.bouveyron@gmail.com"))
as necessary.
Flavors: r-devel-linux-x86_64-debian-clang, r-devel-linux-x86_64-debian-gcc