Last updated on 2024-08-16 01:48:28 CEST.
Flavor | Version | Tinstall | Tcheck | Ttotal | Status | Flags |
---|---|---|---|---|---|---|
r-devel-linux-x86_64-debian-clang | 0.3.1 | 5.08 | 73.54 | 78.62 | NOTE | |
r-devel-linux-x86_64-debian-gcc | 0.3.1 | 3.44 | 52.44 | 55.88 | NOTE | |
r-devel-linux-x86_64-fedora-clang | 0.3.1 | 123.98 | OK | |||
r-devel-linux-x86_64-fedora-gcc | 0.3.1 | 130.63 | OK | |||
r-devel-windows-x86_64 | 0.3.1 | 5.00 | 104.00 | 109.00 | NOTE | |
r-patched-linux-x86_64 | 0.3.1 | 9.49 | 70.45 | 79.94 | OK | |
r-release-linux-x86_64 | 0.3.1 | 4.43 | 70.75 | 75.18 | OK | |
r-release-macos-arm64 | 0.3.1 | 46.00 | OK | |||
r-release-macos-x86_64 | 0.3.1 | 70.00 | OK | |||
r-release-windows-x86_64 | 0.3.1 | 6.00 | 103.00 | 109.00 | OK | |
r-oldrel-macos-arm64 | 0.3.1 | 48.00 | OK | |||
r-oldrel-macos-x86_64 | 0.3.1 | 64.00 | OK | |||
r-oldrel-windows-x86_64 | 0.3.1 | 5.00 | 118.00 | 123.00 | OK |
Version: 0.3.1
Check: Rd cross-references
Result: NOTE
Found the following Rd file(s) with Rd \link{} targets missing package
anchors:
newDB.Rd: R6, DBI
rocker-R6-class.Rd: R6, DBI
rocker-S3-functions.Rd: R6, DBI
Please provide package anchors for all Rd \link{} targets not in the
package itself and the base packages.
Flavors: r-devel-linux-x86_64-debian-clang, r-devel-linux-x86_64-debian-gcc, r-devel-windows-x86_64