Last updated on 2025-02-10 02:50:03 CET.
Flavor | Version | Tinstall | Tcheck | Ttotal | Status | Flags |
---|---|---|---|---|---|---|
r-devel-linux-x86_64-debian-clang | 3.1.2 | 8.72 | 48.72 | 57.44 | NOTE | |
r-devel-linux-x86_64-debian-gcc | 3.1.2 | 5.58 | 33.30 | 38.88 | NOTE | |
r-devel-linux-x86_64-fedora-clang | 3.1.2 | 94.21 | OK | |||
r-devel-linux-x86_64-fedora-gcc | 3.1.2 | 87.48 | OK | |||
r-devel-windows-x86_64 | 3.1.2 | 10.00 | 62.00 | 72.00 | NOTE | |
r-patched-linux-x86_64 | 3.1.2 | 6.95 | 45.55 | 52.50 | OK | |
r-release-linux-x86_64 | 3.1.2 | 7.99 | 45.36 | 53.35 | OK | |
r-release-macos-arm64 | 3.1.2 | 34.00 | OK | |||
r-release-macos-x86_64 | 3.1.2 | 40.00 | OK | |||
r-release-windows-x86_64 | 3.1.2 | 10.00 | 65.00 | 75.00 | OK | |
r-oldrel-macos-arm64 | 3.1.2 | 45.00 | OK | |||
r-oldrel-macos-x86_64 | 3.1.2 | 88.00 | OK | |||
r-oldrel-windows-x86_64 | 3.1.2 | 11.00 | 73.00 | 84.00 | OK |
Version: 3.1.2
Check: Rd cross-references
Result: NOTE
Found the following Rd file(s) with Rd \link{} targets missing package
anchors:
prp.Rd: rpart, rpart.object, text.rpart, plot.rpart
rpart.plot.Rd: rpart, text.rpart, plot.rpart
rpart.predict.Rd: predict.rpart
rpart.rules.Rd: rpart
Please provide package anchors for all Rd \link{} targets not in the
package itself and the base packages.
Flavors: r-devel-linux-x86_64-debian-clang, r-devel-linux-x86_64-debian-gcc, r-devel-windows-x86_64