Last updated on 2024-08-16 01:48:28 CEST.
Flavor | Version | Tinstall | Tcheck | Ttotal | Status | Flags |
---|---|---|---|---|---|---|
r-devel-linux-x86_64-debian-clang | 1.0.14 | 122.82 | 78.46 | 201.28 | OK | |
r-devel-linux-x86_64-debian-gcc | 1.0.14 | 94.78 | 61.42 | 156.20 | OK | |
r-devel-linux-x86_64-fedora-clang | 1.0.14 | 337.28 | OK | |||
r-devel-linux-x86_64-fedora-gcc | 1.0.14 | 408.38 | OK | |||
r-devel-windows-x86_64 | 1.0.14 | 115.00 | 129.00 | 244.00 | OK | |
r-patched-linux-x86_64 | 1.0.14 | 127.28 | 82.64 | 209.92 | OK | |
r-release-linux-x86_64 | 1.0.14 | 130.70 | 82.64 | 213.34 | OK | |
r-release-macos-arm64 | 1.0.14 | 91.00 | NOTE | |||
r-release-macos-x86_64 | 1.0.14 | 116.00 | NOTE | |||
r-release-windows-x86_64 | 1.0.14 | 115.00 | 128.00 | 243.00 | OK | |
r-oldrel-macos-arm64 | 1.0.14 | 96.00 | NOTE | |||
r-oldrel-macos-x86_64 | 1.0.14 | 143.00 | NOTE | |||
r-oldrel-windows-x86_64 | 1.0.14 | 138.00 | 152.00 | 290.00 | OK |
Version: 1.0.14
Check: installed package size
Result: NOTE
installed size is 26.6Mb
sub-directories of 1Mb or more:
libs 25.7Mb
Flavors: r-release-macos-arm64, r-release-macos-x86_64, r-oldrel-macos-arm64, r-oldrel-macos-x86_64