Last updated on 2024-08-16 01:48:28 CEST.
Flavor | Version | Tinstall | Tcheck | Ttotal | Status | Flags |
---|---|---|---|---|---|---|
r-devel-linux-x86_64-debian-clang | 0.4.0 | 2.88 | 40.88 | 43.76 | NOTE | |
r-devel-linux-x86_64-debian-gcc | 0.4.0 | 3.03 | 28.91 | 31.94 | NOTE | |
r-devel-linux-x86_64-fedora-clang | 0.4.0 | 73.23 | OK | |||
r-devel-linux-x86_64-fedora-gcc | 0.4.0 | 81.53 | OK | |||
r-devel-windows-x86_64 | 0.4.0 | 5.00 | 57.00 | 62.00 | NOTE | |
r-patched-linux-x86_64 | 0.4.0 | 6.15 | 38.23 | 44.38 | OK | |
r-release-linux-x86_64 | 0.4.0 | 4.01 | 38.97 | 42.98 | OK | |
r-release-macos-arm64 | 0.4.0 | 27.00 | OK | |||
r-release-macos-x86_64 | 0.4.0 | 39.00 | OK | |||
r-release-windows-x86_64 | 0.4.0 | 5.00 | 56.00 | 61.00 | OK | |
r-oldrel-macos-arm64 | 0.4.0 | 32.00 | OK | |||
r-oldrel-macos-x86_64 | 0.4.0 | 90.00 | OK | |||
r-oldrel-windows-x86_64 | 0.4.0 | 5.00 | 62.00 | 67.00 | OK |
Version: 0.4.0
Check: Rd cross-references
Result: NOTE
Found the following Rd file(s) with Rd \link{} targets missing package
anchors:
Plum.Rd: agedepth, calib.plot
Please provide package anchors for all Rd \link{} targets not in the
package itself and the base packages.
Flavors: r-devel-linux-x86_64-debian-clang, r-devel-linux-x86_64-debian-gcc, r-devel-windows-x86_64