Last updated on 2024-07-27 01:53:22 CEST.
Flavor | Version | Tinstall | Tcheck | Ttotal | Status | Flags |
---|---|---|---|---|---|---|
r-devel-linux-x86_64-debian-clang | 1.7-5 | 20.96 | 193.90 | 214.86 | OK | |
r-devel-linux-x86_64-debian-gcc | 1.7-5 | 17.54 | 145.48 | 163.02 | NOTE | |
r-devel-linux-x86_64-fedora-clang | 1.7-5 | 279.04 | OK | |||
r-devel-linux-x86_64-fedora-gcc | 1.7-5 | 273.02 | OK | |||
r-devel-windows-x86_64 | 1.7-5 | 27.00 | 210.00 | 237.00 | NOTE | |
r-patched-linux-x86_64 | 1.7-5 | OK | ||||
r-release-linux-x86_64 | 1.7-5 | 22.03 | 185.86 | 207.89 | OK | |
r-release-macos-arm64 | 1.7-5 | 87.00 | OK | |||
r-release-macos-x86_64 | 1.7-5 | 129.00 | OK | |||
r-release-windows-x86_64 | 1.7-5 | 26.00 | 205.00 | 231.00 | OK | |
r-oldrel-macos-arm64 | 1.7-5 | 93.00 | OK | |||
r-oldrel-macos-x86_64 | 1.7-5 | 241.00 | OK | |||
r-oldrel-windows-x86_64 | 1.7-5 | 35.00 | 237.00 | 272.00 | OK |
Version: 1.7-5
Check: Rd cross-references
Result: NOTE
Found the following Rd file(s) with Rd \link{} targets missing package
anchors:
CovControlMcd.Rd: rrcov.control
CovMcd.Rd: rrcov.control
Please provide package anchors for all Rd \link{} targets not in the
package itself and the base packages.
Flavors: r-devel-linux-x86_64-debian-gcc, r-devel-windows-x86_64