Last updated on 2024-08-16 01:48:29 CEST.
Flavor | Version | Tinstall | Tcheck | Ttotal | Status | Flags |
---|---|---|---|---|---|---|
r-devel-linux-x86_64-debian-clang | 0.1 | 88.36 | 80.41 | 168.77 | OK | |
r-devel-linux-x86_64-debian-gcc | 0.1 | 69.46 | 60.67 | 130.13 | OK | |
r-devel-linux-x86_64-fedora-clang | 0.1 | 251.75 | OK | |||
r-devel-linux-x86_64-fedora-gcc | 0.1 | 306.22 | OK | |||
r-devel-windows-x86_64 | 0.1 | 84.00 | 109.00 | 193.00 | OK | |
r-patched-linux-x86_64 | 0.1 | 90.66 | 80.25 | 170.91 | OK | |
r-release-linux-x86_64 | 0.1 | 89.00 | 80.24 | 169.24 | OK | |
r-release-macos-arm64 | 0.1 | 72.00 | NOTE | |||
r-release-macos-x86_64 | 0.1 | 206.00 | NOTE | |||
r-release-windows-x86_64 | 0.1 | 88.00 | 108.00 | 196.00 | OK | |
r-oldrel-macos-arm64 | 0.1 | 74.00 | NOTE | |||
r-oldrel-macos-x86_64 | 0.1 | 166.00 | NOTE | |||
r-oldrel-windows-x86_64 | 0.1 | 103.00 | 136.00 | 239.00 | OK |
Version: 0.1
Check: installed package size
Result: NOTE
installed size is 23.8Mb
sub-directories of 1Mb or more:
libs 23.6Mb
Flavors: r-release-macos-arm64, r-release-macos-x86_64, r-oldrel-macos-arm64, r-oldrel-macos-x86_64