Last updated on 2024-08-16 01:48:29 CEST.
Flavor | Version | Tinstall | Tcheck | Ttotal | Status | Flags |
---|---|---|---|---|---|---|
r-devel-linux-x86_64-debian-clang | 0.11-5 | 19.13 | 325.06 | 344.19 | NOTE | |
r-devel-linux-x86_64-debian-gcc | 0.11-5 | 12.93 | 187.08 | 200.01 | NOTE | |
r-devel-linux-x86_64-fedora-clang | 0.11-5 | 565.24 | NOTE | |||
r-devel-linux-x86_64-fedora-gcc | 0.11-5 | 551.09 | NOTE | |||
r-devel-windows-x86_64 | 0.11-5 | 23.00 | 279.00 | 302.00 | NOTE | |
r-patched-linux-x86_64 | 0.11-5 | 19.46 | 301.63 | 321.09 | NOTE | |
r-release-linux-x86_64 | 0.11-5 | 18.73 | 300.27 | 319.00 | NOTE | |
r-release-macos-arm64 | 0.11-5 | 132.00 | NOTE | |||
r-release-macos-x86_64 | 0.11-5 | 217.00 | NOTE | |||
r-release-windows-x86_64 | 0.11-5 | 22.00 | 280.00 | 302.00 | NOTE | |
r-oldrel-macos-arm64 | 0.11-5 | 143.00 | OK | |||
r-oldrel-macos-x86_64 | 0.11-5 | 263.00 | OK | |||
r-oldrel-windows-x86_64 | 0.11-5 | 27.00 | 372.00 | 399.00 | OK |
Version: 0.11-5
Check: Rd files
Result: NOTE
checkRd: (-1) LBA-race.Rd:157: Lost braces
157 | corresponding (and not first) accumulator winning see /code{/link{LBA}}.
| ^
checkRd: (-1) LBA-race.Rd:157: Lost braces
157 | corresponding (and not first) accumulator winning see /code{/link{LBA}}.
| ^
Flavors: r-devel-linux-x86_64-debian-clang, r-devel-linux-x86_64-debian-gcc, r-devel-linux-x86_64-fedora-clang, r-devel-linux-x86_64-fedora-gcc, r-devel-windows-x86_64, r-patched-linux-x86_64, r-release-linux-x86_64, r-release-macos-arm64, r-release-macos-x86_64, r-release-windows-x86_64