Last updated on 2024-08-16 01:48:29 CEST.
Flavor | Version | Tinstall | Tcheck | Ttotal | Status | Flags |
---|---|---|---|---|---|---|
r-devel-linux-x86_64-debian-clang | 2.0-1 | 64.54 | 99.68 | 164.22 | OK | |
r-devel-linux-x86_64-debian-gcc | 2.0-1 | 44.59 | 62.47 | 107.06 | OK | |
r-devel-linux-x86_64-fedora-clang | 2.0-1 | 317.48 | OK | |||
r-devel-linux-x86_64-fedora-gcc | 2.0-1 | 301.18 | OK | |||
r-devel-windows-x86_64 | 2.0-1 | 85.00 | 137.00 | 222.00 | OK | |
r-patched-linux-x86_64 | 2.0-1 | 64.33 | 91.82 | 156.15 | OK | |
r-release-linux-x86_64 | 2.0-1 | 60.99 | 92.69 | 153.68 | OK | |
r-release-macos-arm64 | 2.0-1 | 72.00 | NOTE | |||
r-release-macos-x86_64 | 2.0-1 | 98.00 | NOTE | |||
r-release-windows-x86_64 | 2.0-1 | 88.00 | 138.00 | 226.00 | OK | |
r-oldrel-macos-arm64 | 2.0-1 | 92.00 | NOTE | |||
r-oldrel-macos-x86_64 | 2.0-1 | 165.00 | NOTE | |||
r-oldrel-windows-x86_64 | 2.0-1 | 99.00 | 165.00 | 264.00 | OK |
Version: 2.0-1
Check: installed package size
Result: NOTE
installed size is 7.6Mb
sub-directories of 1Mb or more:
libs 6.7Mb
Flavors: r-release-macos-arm64, r-release-macos-x86_64, r-oldrel-macos-arm64, r-oldrel-macos-x86_64