Last updated on 2024-08-16 01:48:29 CEST.
Flavor | Version | Tinstall | Tcheck | Ttotal | Status | Flags |
---|---|---|---|---|---|---|
r-devel-linux-x86_64-debian-clang | 0.4.1 | 4.74 | 61.21 | 65.95 | NOTE | |
r-devel-linux-x86_64-debian-gcc | 0.4.1 | 3.38 | 42.80 | 46.18 | NOTE | |
r-devel-linux-x86_64-fedora-clang | 0.4.1 | 108.52 | NOTE | |||
r-devel-linux-x86_64-fedora-gcc | 0.4.1 | 115.28 | NOTE | |||
r-devel-windows-x86_64 | 0.4.1 | 7.00 | 77.00 | 84.00 | NOTE | |
r-patched-linux-x86_64 | 0.4.1 | 5.48 | 58.47 | 63.95 | NOTE | |
r-release-linux-x86_64 | 0.4.1 | 4.76 | 58.20 | 62.96 | NOTE | |
r-release-macos-arm64 | 0.4.1 | 33.00 | NOTE | |||
r-release-macos-x86_64 | 0.4.1 | 51.00 | NOTE | |||
r-release-windows-x86_64 | 0.4.1 | 6.00 | 76.00 | 82.00 | NOTE | |
r-oldrel-macos-arm64 | 0.4.1 | 33.00 | OK | |||
r-oldrel-macos-x86_64 | 0.4.1 | 52.00 | OK | |||
r-oldrel-windows-x86_64 | 0.4.1 | 6.00 | 89.00 | 95.00 | OK |
Version: 0.4.1
Check: Rd files
Result: NOTE
checkRd: (-1) HardThresh.Rd:15: Lost braces; missing escapes or markup?
15 | \code{x} filtered result (y 1_{|y|>t}).
| ^
checkRd: (-1) SoftThresh.Rd:15: Lost braces; missing escapes or markup?
15 | \code{x} filtered result (y 1_{|y|>t}).
| ^
Flavors: r-devel-linux-x86_64-debian-clang, r-devel-linux-x86_64-debian-gcc, r-devel-linux-x86_64-fedora-clang, r-devel-linux-x86_64-fedora-gcc, r-devel-windows-x86_64, r-patched-linux-x86_64, r-release-linux-x86_64, r-release-macos-arm64, r-release-macos-x86_64, r-release-windows-x86_64