Last updated on 2024-08-16 01:48:29 CEST.
Flavor | Version | Tinstall | Tcheck | Ttotal | Status | Flags |
---|---|---|---|---|---|---|
r-devel-linux-x86_64-debian-clang | 1.1.7 | 486.20 | 65.43 | 551.63 | NOTE | |
r-devel-linux-x86_64-debian-gcc | 1.1.7 | 387.55 | 39.68 | 427.23 | NOTE | |
r-devel-linux-x86_64-fedora-clang | 1.1.7 | 1317.28 | NOTE | |||
r-devel-linux-x86_64-fedora-gcc | 1.1.7 | 1311.42 | NOTE | |||
r-devel-windows-x86_64 | 1.1.7 | 655.00 | 154.00 | 809.00 | NOTE | |
r-patched-linux-x86_64 | 1.1.7 | 552.19 | 53.79 | 605.98 | NOTE | |
r-release-linux-x86_64 | 1.1.7 | 551.52 | 53.99 | 605.51 | NOTE | |
r-release-macos-arm64 | 1.1.7 | 216.00 | NOTE | |||
r-release-macos-x86_64 | 1.1.7 | 283.00 | NOTE | |||
r-release-windows-x86_64 | 1.1.7 | 670.00 | 168.00 | 838.00 | NOTE | |
r-oldrel-macos-arm64 | 1.1.7 | 226.00 | NOTE | |||
r-oldrel-macos-x86_64 | 1.1.7 | 207.00 | NOTE | |||
r-oldrel-windows-x86_64 | 1.1.7 | 748.00 | 196.00 | 944.00 | NOTE |
Version: 1.1.7
Check: C++ specification
Result: NOTE
Specified C++14: please drop specification unless essential
Flavors: r-devel-linux-x86_64-debian-clang, r-devel-linux-x86_64-debian-gcc, r-devel-linux-x86_64-fedora-clang, r-devel-linux-x86_64-fedora-gcc, r-devel-windows-x86_64, r-patched-linux-x86_64, r-release-linux-x86_64, r-release-macos-arm64, r-release-macos-x86_64, r-release-windows-x86_64, r-oldrel-macos-arm64, r-oldrel-macos-x86_64, r-oldrel-windows-x86_64
Version: 1.1.7
Check: Rd cross-references
Result: NOTE
Undeclared package ‘sf’ in Rd xrefs
Flavor: r-devel-linux-x86_64-fedora-clang
Version: 1.1.7
Check: installed package size
Result: NOTE
installed size is 7.9Mb
sub-directories of 1Mb or more:
libs 6.8Mb
Flavors: r-devel-windows-x86_64, r-release-macos-arm64, r-release-macos-x86_64, r-release-windows-x86_64, r-oldrel-macos-arm64, r-oldrel-macos-x86_64, r-oldrel-windows-x86_64