Last updated on 2024-08-16 01:48:30 CEST.
Flavor | Version | Tinstall | Tcheck | Ttotal | Status | Flags |
---|---|---|---|---|---|---|
r-devel-linux-x86_64-debian-clang | 0.1.2 | 14.99 | 116.87 | 131.86 | NOTE | |
r-devel-linux-x86_64-debian-gcc | 0.1.2 | 10.50 | 88.10 | 98.60 | NOTE | |
r-devel-linux-x86_64-fedora-clang | 0.1.2 | 210.33 | OK | |||
r-devel-linux-x86_64-fedora-gcc | 0.1.2 | 201.14 | OK | |||
r-devel-windows-x86_64 | 0.1.2 | 17.00 | 123.00 | 140.00 | NOTE | |
r-patched-linux-x86_64 | 0.1.2 | 22.18 | 110.59 | 132.77 | OK | |
r-release-linux-x86_64 | 0.1.2 | 13.84 | 112.09 | 125.93 | OK | |
r-release-macos-arm64 | 0.1.2 | 57.00 | OK | |||
r-release-macos-x86_64 | 0.1.2 | 87.00 | OK | |||
r-release-windows-x86_64 | 0.1.2 | 16.00 | 126.00 | 142.00 | OK | |
r-oldrel-macos-arm64 | 0.1.2 | 61.00 | OK | |||
r-oldrel-macos-x86_64 | 0.1.2 | 127.00 | OK | |||
r-oldrel-windows-x86_64 | 0.1.2 | 22.00 | 154.00 | 176.00 | OK |
Version: 0.1.2
Check: Rd cross-references
Result: NOTE
Found the following Rd file(s) with Rd \link{} targets missing package
anchors:
evol_auc.Rd: ggplot
explore_table.Rd: flextable
probs_pred.Rd: ggplot
sMSROC_plot.Rd: plotROC
Please provide package anchors for all Rd \link{} targets not in the
package itself and the base packages.
Flavors: r-devel-linux-x86_64-debian-clang, r-devel-linux-x86_64-debian-gcc, r-devel-windows-x86_64