CRAN Package Check Results for Package sac

Last updated on 2025-02-10 01:48:32 CET.

Flavor Version Tinstall Tcheck Ttotal Status Flags
r-devel-linux-x86_64-debian-clang 1.0.2 3.01 27.53 30.54 NOTE
r-devel-linux-x86_64-debian-gcc 1.0.2 2.17 20.21 22.38 NOTE
r-devel-linux-x86_64-fedora-clang 1.0.2 49.26 NOTE
r-devel-linux-x86_64-fedora-gcc 1.0.2 45.27 NOTE
r-devel-windows-x86_64 1.0.2 3.00 50.00 53.00 NOTE
r-patched-linux-x86_64 1.0.2 3.00 25.36 28.36 NOTE
r-release-linux-x86_64 1.0.2 2.99 25.81 28.80 NOTE
r-release-macos-arm64 1.0.2 19.00 NOTE
r-release-macos-x86_64 1.0.2 34.00 NOTE
r-release-windows-x86_64 1.0.2 3.00 49.00 52.00 NOTE
r-oldrel-macos-arm64 1.0.2 22.00 NOTE
r-oldrel-macos-x86_64 1.0.2 27.00 NOTE
r-oldrel-windows-x86_64 1.0.2 6.00 50.00 56.00 NOTE

Check Details

Version: 1.0.2
Check: Rd files
Result: NOTE checkRd: (-1) BootsChapt.Rd:38: Escaped LaTeX specials: \& checkRd: (-1) SemiparChangePoint.Rd:30: Escaped LaTeX specials: \& checkRd: (-1) schapt.Rd:44: Escaped LaTeX specials: \& Flavors: r-devel-linux-x86_64-debian-clang, r-devel-linux-x86_64-debian-gcc, r-devel-linux-x86_64-fedora-clang, r-devel-linux-x86_64-fedora-gcc, r-devel-windows-x86_64, r-patched-linux-x86_64, r-release-linux-x86_64, r-release-macos-arm64, r-release-macos-x86_64, r-release-windows-x86_64, r-oldrel-macos-arm64, r-oldrel-macos-x86_64, r-oldrel-windows-x86_64