Last updated on 2025-07-16 01:50:41 CEST.
Flavor | Version | Tinstall | Tcheck | Ttotal | Status | Flags |
---|---|---|---|---|---|---|
r-devel-linux-x86_64-debian-clang | 4.0.0 | 150.23 | 386.39 | 536.62 | OK | |
r-devel-linux-x86_64-debian-gcc | 4.0.0 | 114.08 | 266.27 | 380.35 | OK | |
r-devel-linux-x86_64-fedora-clang | 4.0.0 | 918.38 | OK | |||
r-devel-linux-x86_64-fedora-gcc | 4.0.0 | 935.37 | OK | |||
r-devel-windows-x86_64 | 4.0.0 | 153.00 | 333.00 | 486.00 | OK | |
r-patched-linux-x86_64 | 4.0.0 | 169.18 | 380.04 | 549.22 | OK | |
r-release-linux-x86_64 | 4.0.0 | 164.22 | 377.51 | 541.73 | OK | |
r-release-macos-arm64 | 4.0.0 | 219.00 | OK | |||
r-release-macos-x86_64 | 4.0.0 | 412.00 | OK | |||
r-release-windows-x86_64 | 4.0.0 | 157.00 | 350.00 | 507.00 | OK | |
r-oldrel-macos-arm64 | 4.0.0 | 213.00 | NOTE | |||
r-oldrel-macos-x86_64 | 4.0.0 | 335.00 | NOTE | |||
r-oldrel-windows-x86_64 | 4.0.0 | 192.00 | 456.00 | 648.00 | OK |
Version: 4.0.0
Check: installed package size
Result: NOTE
installed size is 16.6Mb
sub-directories of 1Mb or more:
libs 15.5Mb
Flavors: r-oldrel-macos-arm64, r-oldrel-macos-x86_64