Last updated on 2025-02-14 02:49:54 CET.
Flavor | Version | Tinstall | Tcheck | Ttotal | Status | Flags |
---|---|---|---|---|---|---|
r-devel-linux-x86_64-debian-clang | 0.1.3 | 5.65 | 66.54 | 72.19 | NOTE | |
r-devel-linux-x86_64-debian-gcc | 0.1.3 | 5.24 | 47.19 | 52.43 | NOTE | |
r-devel-linux-x86_64-fedora-clang | 0.1.3 | 114.24 | OK | |||
r-devel-linux-x86_64-fedora-gcc | 0.1.3 | 106.17 | OK | |||
r-devel-windows-x86_64 | 0.1.3 | 8.00 | 102.00 | 110.00 | NOTE | |
r-patched-linux-x86_64 | 0.1.3 | 8.42 | 60.00 | 68.42 | OK | |
r-release-linux-x86_64 | 0.1.3 | 6.31 | 60.64 | 66.95 | OK | |
r-release-macos-arm64 | 0.1.3 | 35.00 | OK | |||
r-release-macos-x86_64 | 0.1.3 | 72.00 | OK | |||
r-release-windows-x86_64 | 0.1.3 | 7.00 | 109.00 | 116.00 | OK | |
r-oldrel-macos-arm64 | 0.1.3 | 33.00 | OK | |||
r-oldrel-macos-x86_64 | 0.1.3 | 55.00 | OK | |||
r-oldrel-windows-x86_64 | 0.1.3 | 9.00 | 126.00 | 135.00 | OK |
Version: 0.1.3
Check: Rd cross-references
Result: NOTE
Found the following Rd file(s) with Rd \link{} targets missing package
anchors:
computeCritCutLength.Rd: snowprofileSet, snowprofile,
snowprofileLayers
computePunstable.Rd: snowprofileSet, snowprofile, snowprofileLayers
Please provide package anchors for all Rd \link{} targets not in the
package itself and the base packages.
Flavors: r-devel-linux-x86_64-debian-clang, r-devel-linux-x86_64-debian-gcc, r-devel-windows-x86_64