Last updated on 2024-08-16 01:48:29 CEST.
Flavor | Version | Tinstall | Tcheck | Ttotal | Status | Flags |
---|---|---|---|---|---|---|
r-devel-linux-x86_64-debian-clang | 1.0 | 17.72 | 137.91 | 155.63 | NOTE | |
r-devel-linux-x86_64-debian-gcc | 1.0 | 12.56 | 95.80 | 108.36 | NOTE | |
r-devel-linux-x86_64-fedora-clang | 1.0 | 253.42 | NOTE | |||
r-devel-linux-x86_64-fedora-gcc | 1.0 | 231.10 | NOTE | |||
r-devel-windows-x86_64 | 1.0 | 20.00 | 141.00 | 161.00 | OK | |
r-patched-linux-x86_64 | 1.0 | 15.78 | 129.48 | 145.26 | NOTE | |
r-release-linux-x86_64 | 1.0 | 17.20 | 129.29 | 146.49 | NOTE | |
r-release-macos-arm64 | 1.0 | 64.00 | OK | |||
r-release-macos-x86_64 | 1.0 | 100.00 | OK | |||
r-release-windows-x86_64 | 1.0 | 18.00 | 139.00 | 157.00 | OK | |
r-oldrel-macos-arm64 | 1.0 | 76.00 | OK | |||
r-oldrel-macos-x86_64 | 1.0 | 114.00 | OK | |||
r-oldrel-windows-x86_64 | 1.0 | 24.00 | 176.00 | 200.00 | OK |
Version: 1.0
Check: for non-standard things in the check directory
Result: NOTE
Found the following files/directories:
‘untitled_consensus_cluster’
Flavors: r-devel-linux-x86_64-debian-clang, r-devel-linux-x86_64-debian-gcc, r-devel-linux-x86_64-fedora-clang, r-devel-linux-x86_64-fedora-gcc, r-patched-linux-x86_64, r-release-linux-x86_64