Last updated on 2024-08-16 01:48:29 CEST.
Flavor | Version | Tinstall | Tcheck | Ttotal | Status | Flags |
---|---|---|---|---|---|---|
r-devel-linux-x86_64-debian-clang | 1.3.2 | 84.99 | 636.36 | 721.35 | OK | |
r-devel-linux-x86_64-debian-gcc | 1.3.2 | 67.64 | 293.63 | 361.27 | OK | |
r-devel-linux-x86_64-fedora-clang | 1.3.2 | 843.83 | NOTE | |||
r-devel-linux-x86_64-fedora-gcc | 1.3.2 | 852.47 | NOTE | |||
r-devel-windows-x86_64 | 1.3.2 | 83.00 | 545.00 | 628.00 | OK | |
r-patched-linux-x86_64 | 1.3.2 | 89.28 | 455.00 | 544.28 | OK | |
r-release-linux-x86_64 | 1.3.2 | 89.84 | 443.56 | 533.40 | OK | |
r-release-macos-arm64 | 1.3.2 | 283.00 | NOTE | |||
r-release-macos-x86_64 | 1.3.2 | 711.00 | NOTE | |||
r-release-windows-x86_64 | 1.3.2 | 87.00 | 554.00 | 641.00 | OK | |
r-oldrel-macos-arm64 | 1.3.2 | 291.00 | NOTE | |||
r-oldrel-macos-x86_64 | 1.3.2 | 605.00 | NOTE | |||
r-oldrel-windows-x86_64 | 1.3.2 | 105.00 | 771.00 | 876.00 | OK |
Version: 1.3.2
Check: data for non-ASCII characters
Result: NOTE
Note: found 1 marked UTF-8 string
Flavors: r-devel-linux-x86_64-fedora-clang, r-devel-linux-x86_64-fedora-gcc
Version: 1.3.2
Check: installed package size
Result: NOTE
installed size is 10.8Mb
sub-directories of 1Mb or more:
data 2.9Mb
libs 7.8Mb
Flavors: r-release-macos-arm64, r-release-macos-x86_64, r-oldrel-macos-arm64, r-oldrel-macos-x86_64