Last updated on 2025-10-31 01:49:12 CET.
| Flavor | Version | Tinstall | Tcheck | Ttotal | Status | Flags | 
|---|---|---|---|---|---|---|
| r-devel-linux-x86_64-debian-clang | 1.0.2 | 6.85 | 82.97 | 89.82 | NOTE | |
| r-devel-linux-x86_64-debian-gcc | 1.0.2 | 5.63 | 59.40 | 65.03 | NOTE | |
| r-devel-linux-x86_64-fedora-clang | 1.0.2 | 14.00 | 124.13 | 138.13 | OK | |
| r-devel-linux-x86_64-fedora-gcc | 1.0.2 | 17.00 | 130.54 | 147.54 | OK | |
| r-devel-windows-x86_64 | 1.0.2 | 8.00 | 83.00 | 91.00 | OK | |
| r-patched-linux-x86_64 | 1.0.2 | 6.97 | 78.62 | 85.59 | OK | |
| r-release-linux-x86_64 | 1.0.2 | 7.10 | 77.97 | 85.07 | OK | |
| r-release-macos-arm64 | 1.0.2 | 4.00 | 44.00 | 48.00 | OK | |
| r-release-macos-x86_64 | 1.0.2 | 6.00 | 83.00 | 89.00 | OK | |
| r-release-windows-x86_64 | 1.0.2 | 8.00 | 87.00 | 95.00 | OK | |
| r-oldrel-macos-arm64 | 1.0.2 | 3.00 | 40.00 | 43.00 | OK | |
| r-oldrel-macos-x86_64 | 1.0.2 | 5.00 | 63.00 | 68.00 | OK | |
| r-oldrel-windows-x86_64 | 1.0.2 | 10.00 | 110.00 | 120.00 | OK | 
Version: 1.0.2
Check: CRAN incoming feasibility
Result: NOTE
  Maintainer: ‘Danilo C Vieira <vieiradc@yahoo.com.br>’
  
  No Authors@R field in DESCRIPTION.
  Please add one, modifying
    Authors@R: c(person(given = c("Danilo", "C"),
                        family = "Vieira",
                        role = c("aut", "cre"),
                        email = "vieiradc@yahoo.com.br"),
                 person(given = "Gustavo",
                        family = "Fonseca",
                        role = "aut",
                        email = "gfonseca.unifesp@gmail.com"),
                 person(given = c("Fabio", "Cop"),
                        family = "Ferreira",
                        role = "aut",
                        email = "fabiocferreira.unifesp@gmail.com"),
                 person(given = c("with", "contributions", "from", "Marco", "Colossi"),
                        family = "Brustolin.",
                        role = "aut"))
  as necessary.
Flavors: r-devel-linux-x86_64-debian-clang, r-devel-linux-x86_64-debian-gcc