CRAN Package Check Results for Package selectMeta

Last updated on 2025-02-05 02:49:01 CET.

Flavor Version Tinstall Tcheck Ttotal Status Flags
r-devel-linux-x86_64-debian-clang 1.0.8 2.50 24.30 26.80 NOTE
r-devel-linux-x86_64-debian-gcc 1.0.8 1.83 19.32 21.15 NOTE
r-devel-linux-x86_64-fedora-clang 1.0.8 43.55 OK
r-devel-linux-x86_64-fedora-gcc 1.0.8 39.77 OK
r-devel-windows-x86_64 1.0.8 4.00 49.00 53.00 NOTE
r-patched-linux-x86_64 1.0.8 3.93 23.02 26.95 OK
r-release-linux-x86_64 1.0.8 2.41 23.10 25.51 OK
r-release-macos-arm64 1.0.8 17.00 OK
r-release-macos-x86_64 1.0.8 24.00 OK
r-release-windows-x86_64 1.0.8 4.00 46.00 50.00 OK
r-oldrel-macos-arm64 1.0.8 19.00 OK
r-oldrel-macos-x86_64 1.0.8 23.00 OK
r-oldrel-windows-x86_64 1.0.8 3.00 51.00 54.00 OK

Check Details

Version: 1.0.8
Check: Rd cross-references
Result: NOTE Found the following Rd file(s) with Rd \link{} targets missing package anchors: DearBegg.Rd: DEoptim Please provide package anchors for all Rd \link{} targets not in the package itself and the base packages. Flavors: r-devel-linux-x86_64-debian-clang, r-devel-linux-x86_64-debian-gcc, r-devel-windows-x86_64