Last updated on 2025-10-22 01:51:38 CEST.
Flavor | Version | Tinstall | Tcheck | Ttotal | Status | Flags |
---|---|---|---|---|---|---|
r-devel-linux-x86_64-debian-clang | 2.1.0 | 566.09 | 539.80 | 1105.89 | NOTE | |
r-devel-linux-x86_64-debian-gcc | 2.1.0 | 338.02 | 383.06 | 721.08 | NOTE | |
r-devel-linux-x86_64-fedora-clang | 2.1.0 | 3360.00 | -1178.83 | 2181.17 | OK | |
r-devel-linux-x86_64-fedora-gcc | 2.1.0 | 1020.00 | 668.34 | 1688.34 | OK | |
r-devel-windows-x86_64 | 2.1.0 | 658.00 | 521.00 | 1179.00 | OK | |
r-patched-linux-x86_64 | 2.1.0 | 523.60 | 452.73 | 976.33 | OK | |
r-release-linux-x86_64 | 2.1.0 | 514.48 | 455.17 | 969.65 | OK | |
r-release-macos-arm64 | 2.1.0 | 159.00 | 123.00 | 282.00 | OK | |
r-release-macos-x86_64 | 2.1.0 | 175.00 | 313.00 | 488.00 | OK | |
r-release-windows-x86_64 | 2.1.0 | 623.00 | 535.00 | 1158.00 | OK | |
r-oldrel-macos-arm64 | 2.1.0 | 161.00 | 130.00 | 291.00 | NOTE | |
r-oldrel-macos-x86_64 | 2.1.0 | 171.00 | 347.00 | 518.00 | NOTE | |
r-oldrel-windows-x86_64 | 2.1.0 | 762.00 | 636.00 | 1398.00 | OK |
Version: 2.1.0
Check: HTML version of manual
Result: NOTE
Found the following HTML validation problems:
data_to_stslist.html:75:1 (data_to_stslist.Rd:30): Warning: missing </ul> before </div>
emission_probs.html:58:1 (emission_probs.Rd:22): Warning: missing </ul> before </div>
get_marginals.html:94:1 (get_marginals.Rd:36): Warning: missing </ul> before </div>
gridplot.html:129:1 (gridplot.Rd:70): Warning: missing </ul> before </div>
initial_probs.html:58:1 (initial_probs.Rd:22): Warning: missing </ul> before </div>
nobs.html:63:1 (nobs.Rd:21): Warning: missing </ul> before </div>
predict.html:104:1 (predict.Rd:51): Warning: missing </ul> before </div>
simulate_pars.html:81:1 (simulate_pars.Rd:35): Warning: missing </ul> before </div>
sort_sequences.html:65:1 (sort_sequences.Rd:23): Warning: missing </ul> before </div>
summary.mnhmm.html:51:1 (summary.mnhmm.Rd:12): Warning: missing </ul> before </div>
transition_probs.html:58:1 (transition_probs.Rd:22): Warning: missing </ul> before </div>
update_nhmm.html:64:1 (update_nhmm.Rd:20): Warning: missing </ul> before </div>
Flavors: r-devel-linux-x86_64-debian-clang, r-devel-linux-x86_64-debian-gcc
Version: 2.1.0
Check: installed package size
Result: NOTE
installed size is 25.6Mb
sub-directories of 1Mb or more:
libs 23.3Mb
Flavors: r-oldrel-macos-arm64, r-oldrel-macos-x86_64