Last updated on 2025-05-18 02:49:49 CEST.
Flavor | Version | Tinstall | Tcheck | Ttotal | Status | Flags |
---|---|---|---|---|---|---|
r-devel-linux-x86_64-debian-clang | 0.2.9 | 46.43 | 331.31 | 377.74 | OK | |
r-devel-linux-x86_64-debian-gcc | 0.2.9 | 37.34 | 407.50 | 444.84 | OK | |
r-devel-linux-x86_64-fedora-clang | 0.2.9 | 619.28 | OK | |||
r-devel-linux-x86_64-fedora-gcc | 0.2.9 | 1027.94 | OK | |||
r-devel-windows-x86_64 | 0.2.9 | 66.00 | 269.00 | 335.00 | OK | |
r-patched-linux-x86_64 | 0.2.9 | 49.32 | 593.49 | 642.81 | OK | |
r-release-linux-x86_64 | 0.2.9 | 51.16 | 683.69 | 734.85 | OK | |
r-release-macos-arm64 | 0.2.9 | 214.00 | OK | |||
r-release-macos-x86_64 | 0.2.9 | 344.00 | OK | |||
r-release-windows-x86_64 | 0.2.9 | 70.00 | 297.00 | 367.00 | OK | |
r-oldrel-macos-arm64 | 0.2.9 | 377.00 | NOTE | |||
r-oldrel-macos-x86_64 | 0.2.9 | 513.00 | NOTE | |||
r-oldrel-windows-x86_64 | 0.2.9 | 75.00 | 774.00 | 849.00 | NOTE |
Version: 0.2.9
Check: installed package size
Result: NOTE
installed size is 5.9Mb
sub-directories of 1Mb or more:
data 1.1Mb
libs 4.3Mb
Flavors: r-oldrel-macos-arm64, r-oldrel-macos-x86_64
Version: 0.2.9
Check: for GNU extensions in Makefiles
Result: NOTE
GNU make is a SystemRequirements.
Flavors: r-oldrel-macos-arm64, r-oldrel-macos-x86_64, r-oldrel-windows-x86_64
Version: 0.2.9
Check: package dependencies
Result: NOTE
Package suggested but not available for checking: ‘pwalign’
Flavor: r-oldrel-macos-x86_64