Last updated on 2024-08-16 01:48:30 CEST.
Flavor | Version | Tinstall | Tcheck | Ttotal | Status | Flags |
---|---|---|---|---|---|---|
r-devel-linux-x86_64-debian-clang | 0.1.0 | 7.85 | 68.21 | 76.06 | NOTE | |
r-devel-linux-x86_64-debian-gcc | 0.1.0 | 5.03 | 50.46 | 55.49 | NOTE | |
r-devel-linux-x86_64-fedora-clang | 0.1.0 | 122.82 | OK | |||
r-devel-linux-x86_64-fedora-gcc | 0.1.0 | 112.57 | OK | |||
r-devel-windows-x86_64 | 0.1.0 | 8.00 | 80.00 | 88.00 | NOTE | |
r-patched-linux-x86_64 | 0.1.0 | 12.76 | 65.60 | 78.36 | OK | |
r-release-linux-x86_64 | 0.1.0 | 6.34 | 64.32 | 70.66 | OK | |
r-release-macos-arm64 | 0.1.0 | 38.00 | OK | |||
r-release-macos-x86_64 | 0.1.0 | 54.00 | OK | |||
r-release-windows-x86_64 | 0.1.0 | 9.00 | 79.00 | 88.00 | OK | |
r-oldrel-macos-arm64 | 0.1.0 | 41.00 | OK | |||
r-oldrel-macos-x86_64 | 0.1.0 | 82.00 | OK | |||
r-oldrel-windows-x86_64 | 0.1.0 | 12.00 | 97.00 | 109.00 | OK |
Version: 0.1.0
Check: Rd cross-references
Result: NOTE
Found the following Rd file(s) with Rd \link{} targets missing package
anchors:
sd_distance.Rd: sf
Please provide package anchors for all Rd \link{} targets not in the
package itself and the base packages.
Flavors: r-devel-linux-x86_64-debian-clang, r-devel-linux-x86_64-debian-gcc, r-devel-windows-x86_64