Last updated on 2024-08-16 01:48:30 CEST.
Flavor | Version | Tinstall | Tcheck | Ttotal | Status | Flags |
---|---|---|---|---|---|---|
r-devel-linux-x86_64-debian-clang | 1.1.0 | 8.20 | 70.05 | 78.25 | NOTE | |
r-devel-linux-x86_64-debian-gcc | 1.1.0 | 6.15 | 50.51 | 56.66 | NOTE | |
r-devel-linux-x86_64-fedora-clang | 1.1.0 | 123.74 | OK | |||
r-devel-linux-x86_64-fedora-gcc | 1.1.0 | 115.22 | OK | |||
r-devel-windows-x86_64 | 1.1.0 | 9.00 | 81.00 | 90.00 | NOTE | |
r-patched-linux-x86_64 | 1.1.0 | 8.20 | 66.28 | 74.48 | OK | |
r-release-linux-x86_64 | 1.1.0 | 7.76 | 67.26 | 75.02 | OK | |
r-release-macos-arm64 | 1.1.0 | 32.00 | OK | |||
r-release-macos-x86_64 | 1.1.0 | 79.00 | OK | |||
r-release-windows-x86_64 | 1.1.0 | 11.00 | 80.00 | 91.00 | OK | |
r-oldrel-macos-arm64 | 1.1.0 | 40.00 | OK | |||
r-oldrel-macos-x86_64 | 1.1.0 | 83.00 | OK | |||
r-oldrel-windows-x86_64 | 1.1.0 | 12.00 | 95.00 | 107.00 | OK |
Version: 1.1.0
Check: Rd cross-references
Result: NOTE
Found the following Rd file(s) with Rd \link{} targets missing package
anchors:
predict_se.Rd: survfit.coxph
surv_pred_info.Rd: survfit.coxph
Please provide package anchors for all Rd \link{} targets not in the
package itself and the base packages.
Flavors: r-devel-linux-x86_64-debian-clang, r-devel-linux-x86_64-debian-gcc, r-devel-windows-x86_64