Last updated on 2024-08-16 01:48:30 CEST.
Flavor | Version | Tinstall | Tcheck | Ttotal | Status | Flags |
---|---|---|---|---|---|---|
r-devel-linux-x86_64-debian-clang | 2.0.4 | 5.74 | 62.45 | 68.19 | NOTE | |
r-devel-linux-x86_64-debian-gcc | 2.0.4 | 4.25 | 46.02 | 50.27 | NOTE | |
r-devel-linux-x86_64-fedora-clang | 2.0.4 | 111.13 | OK | |||
r-devel-linux-x86_64-fedora-gcc | 2.0.4 | 120.14 | OK | |||
r-devel-windows-x86_64 | 2.0.4 | 9.00 | 107.00 | 116.00 | NOTE | |
r-patched-linux-x86_64 | 2.0.4 | 11.83 | 59.20 | 71.03 | OK | |
r-release-linux-x86_64 | 2.0.4 | 6.01 | 59.63 | 65.64 | OK | |
r-release-macos-arm64 | 2.0.4 | 84.00 | OK | |||
r-release-macos-x86_64 | 2.0.4 | 97.00 | OK | |||
r-release-windows-x86_64 | 2.0.4 | 9.00 | 105.00 | 114.00 | OK | |
r-oldrel-macos-arm64 | 2.0.4 | 79.00 | OK | |||
r-oldrel-macos-x86_64 | 2.0.4 | 119.00 | OK | |||
r-oldrel-windows-x86_64 | 2.0.4 | 10.00 | 109.00 | 119.00 | OK |
Version: 2.0.4
Check: Rd cross-references
Result: NOTE
Found the following Rd file(s) with Rd \link{} targets missing package
anchors:
sidebar.Rd: sidebarMenu, sidebarSearchForm
Please provide package anchors for all Rd \link{} targets not in the
package itself and the base packages.
Flavors: r-devel-linux-x86_64-debian-clang, r-devel-linux-x86_64-debian-gcc, r-devel-windows-x86_64