Last updated on 2025-10-01 02:54:31 CEST.
Flavor | Version | Tinstall | Tcheck | Ttotal | Status | Flags |
---|---|---|---|---|---|---|
r-devel-linux-x86_64-debian-clang | 0.9-7 | 5.66 | 34.51 | 40.17 | NOTE | |
r-devel-linux-x86_64-debian-gcc | 0.9-7 | 4.63 | 27.19 | 31.82 | NOTE | |
r-devel-linux-x86_64-fedora-clang | 0.9-7 | 62.30 | OK | |||
r-devel-linux-x86_64-fedora-gcc | 0.9-7 | 73.32 | OK | |||
r-devel-windows-x86_64 | 0.9-7 | 25.00 | 57.00 | 82.00 | OK | |
r-patched-linux-x86_64 | 0.9-7 | 4.86 | 32.32 | 37.18 | OK | |
r-release-linux-x86_64 | 0.9-7 | 4.50 | 32.12 | 36.62 | OK | |
r-release-macos-arm64 | 0.9-7 | 47.00 | OK | |||
r-release-macos-x86_64 | 0.9-7 | 73.00 | OK | |||
r-release-windows-x86_64 | 0.9-7 | 22.00 | 56.00 | 78.00 | OK | |
r-oldrel-macos-arm64 | 0.9-7 | 39.00 | OK | |||
r-oldrel-macos-x86_64 | 0.9-7 | 55.00 | OK | |||
r-oldrel-windows-x86_64 | 0.9-7 | 25.00 | 65.00 | 90.00 | OK |
Version: 0.9-7
Check: CRAN incoming feasibility
Result: NOTE
Maintainer: ‘Yixuan Qiu <yixuan.qiu@cos.name>’
No Authors@R field in DESCRIPTION.
Please add one, modifying
Authors@R: c(person(given = "Yixuan",
family = "Qiu",
role = c("aut", "cre"),
email = "yixuan.qiu@cos.name"),
person(given = c("authors/contributors", "of", "the", "included", "software.", "See", "file", "AUTHORS", "for"),
family = "details.",
role = "aut"))
as necessary.
Flavors: r-devel-linux-x86_64-debian-clang, r-devel-linux-x86_64-debian-gcc