Last updated on 2025-10-25 01:51:17 CEST.
| Flavor | Version | Tinstall | Tcheck | Ttotal | Status | Flags |
|---|---|---|---|---|---|---|
| r-devel-linux-x86_64-debian-clang | 1.0.3 | 10.09 | 87.60 | 97.69 | NOTE | |
| r-devel-linux-x86_64-debian-gcc | 1.0.3 | 6.45 | 60.27 | 66.72 | NOTE | |
| r-devel-linux-x86_64-fedora-clang | 1.0.3 | 24.00 | 124.12 | 148.12 | NOTE | |
| r-devel-linux-x86_64-fedora-gcc | 1.0.3 | 22.00 | 118.17 | 140.17 | NOTE | |
| r-devel-windows-x86_64 | 1.0.3 | 12.00 | 103.00 | 115.00 | NOTE | |
| r-patched-linux-x86_64 | 1.0.3 | 11.10 | 81.67 | 92.77 | NOTE | |
| r-release-linux-x86_64 | 1.0.3 | 9.14 | 80.83 | 89.97 | NOTE | |
| r-release-macos-arm64 | 1.0.3 | 4.00 | 33.00 | 37.00 | NOTE | |
| r-release-macos-x86_64 | 1.0.3 | 7.00 | 55.00 | 62.00 | NOTE | |
| r-release-windows-x86_64 | 1.0.3 | 12.00 | 103.00 | 115.00 | NOTE | |
| r-oldrel-macos-arm64 | 1.0.3 | 4.00 | 30.00 | 34.00 | NOTE | |
| r-oldrel-macos-x86_64 | 1.0.3 | 7.00 | 44.00 | 51.00 | NOTE | |
| r-oldrel-windows-x86_64 | 1.0.3 | 16.00 | 123.00 | 139.00 | NOTE |
Version: 1.0.3
Check: Rd files
Result: NOTE
checkRd: (-1) create_modelDF.Rd:25-38: Lost braces
25 | convert_xlsx_to_csv<-function(xlsx_file){
| ^
checkRd: (-1) create_modelDF.Rd:33-36: Lost braces
33 | for (i in Sheetnames) {
| ^
Flavors: r-devel-linux-x86_64-debian-clang, r-devel-linux-x86_64-debian-gcc, r-devel-linux-x86_64-fedora-clang, r-devel-linux-x86_64-fedora-gcc, r-devel-windows-x86_64, r-patched-linux-x86_64, r-release-linux-x86_64, r-release-macos-arm64, r-release-macos-x86_64, r-release-windows-x86_64, r-oldrel-macos-arm64, r-oldrel-macos-x86_64, r-oldrel-windows-x86_64