Last updated on 2024-08-16 01:48:30 CEST.
Flavor | Version | Tinstall | Tcheck | Ttotal | Status | Flags |
---|---|---|---|---|---|---|
r-devel-linux-x86_64-debian-clang | 1.0.0 | 2.52 | 311.13 | 313.65 | NOTE | |
r-devel-linux-x86_64-debian-gcc | 1.0.0 | 1.72 | 162.11 | 163.83 | NOTE | |
r-devel-linux-x86_64-fedora-clang | 1.0.0 | 522.80 | NOTE | |||
r-devel-linux-x86_64-fedora-gcc | 1.0.0 | 510.47 | NOTE | |||
r-devel-windows-x86_64 | 1.0.0 | 3.00 | 255.00 | 258.00 | NOTE | |
r-patched-linux-x86_64 | 1.0.0 | 2.64 | 284.70 | 287.34 | NOTE | |
r-release-linux-x86_64 | 1.0.0 | 2.00 | 288.66 | 290.66 | NOTE | |
r-release-macos-arm64 | 1.0.0 | 117.00 | NOTE | |||
r-release-macos-x86_64 | 1.0.0 | 314.00 | NOTE | |||
r-release-windows-x86_64 | 1.0.0 | 3.00 | 251.00 | 254.00 | NOTE | |
r-oldrel-macos-arm64 | 1.0.0 | 121.00 | NOTE | |||
r-oldrel-macos-x86_64 | 1.0.0 | 231.00 | NOTE | |||
r-oldrel-windows-x86_64 | 1.0.0 | 3.00 | 353.00 | 356.00 | NOTE |
Version: 1.0.0
Check: package subdirectories
Result: NOTE
Problems with news in ‘NEWS.md’:
Cannot extract version info from the following section titles:
Version (Date)
Flavors: r-devel-linux-x86_64-debian-clang, r-devel-linux-x86_64-debian-gcc, r-devel-linux-x86_64-fedora-clang, r-devel-linux-x86_64-fedora-gcc, r-devel-windows-x86_64, r-patched-linux-x86_64, r-release-linux-x86_64, r-release-macos-arm64, r-release-macos-x86_64, r-release-windows-x86_64, r-oldrel-macos-arm64, r-oldrel-macos-x86_64, r-oldrel-windows-x86_64