Last updated on 2025-10-23 02:50:11 CEST.
Flavor | Version | Tinstall | Tcheck | Ttotal | Status | Flags |
---|---|---|---|---|---|---|
r-devel-linux-x86_64-debian-clang | 0.49 | 16.19 | 116.30 | 132.49 | NOTE | |
r-devel-linux-x86_64-debian-gcc | 0.49 | 10.61 | 79.23 | 89.84 | OK | |
r-devel-linux-x86_64-fedora-clang | 0.49 | 73.00 | 135.91 | 208.91 | OK | |
r-devel-linux-x86_64-fedora-gcc | 0.49 | 34.00 | 158.41 | 192.41 | OK | |
r-devel-windows-x86_64 | 0.49 | 15.00 | 117.00 | 132.00 | OK | |
r-patched-linux-x86_64 | 0.49 | 15.23 | 108.91 | 124.14 | OK | |
r-release-linux-x86_64 | 0.49 | 15.05 | 110.25 | 125.30 | OK | |
r-release-macos-arm64 | 0.49 | 6.00 | 52.00 | 58.00 | OK | |
r-release-macos-x86_64 | 0.49 | 13.00 | 90.00 | 103.00 | OK | |
r-release-windows-x86_64 | 0.49 | 14.00 | 128.00 | 142.00 | OK | |
r-oldrel-macos-arm64 | 0.49 | 7.00 | 48.00 | 55.00 | OK | |
r-oldrel-macos-x86_64 | 0.49 | 13.00 | 88.00 | 101.00 | OK | |
r-oldrel-windows-x86_64 | 0.49 | 21.00 | 150.00 | 171.00 | OK |
Version: 0.49
Check: top-level files
Result: NOTE
Found the following validation problem for the NEWS.Rd HTML conversion:
NEWS.html:89:1 (inst/NEWS.Rd:52): Warning: missing </ul> before </div>
NEWS.html:69:1 (inst/NEWS.Rd:40): Warning: <h4> anchor "Bug-fixes" already defined
Flavor: r-devel-linux-x86_64-debian-clang