Last updated on 2024-08-16 01:48:30 CEST.
Flavor | Version | Tinstall | Tcheck | Ttotal | Status | Flags |
---|---|---|---|---|---|---|
r-devel-linux-x86_64-debian-clang | 1.7.1 | 153.44 | 88.26 | 241.70 | OK | |
r-devel-linux-x86_64-debian-gcc | 1.7.1 | 121.29 | 67.93 | 189.22 | OK | |
r-devel-linux-x86_64-fedora-clang | 1.7.1 | 397.64 | OK | |||
r-devel-linux-x86_64-fedora-gcc | 1.7.1 | 488.76 | OK | |||
r-devel-windows-x86_64 | 1.7.1 | 148.00 | 129.00 | 277.00 | OK | |
r-patched-linux-x86_64 | 1.7.1 | 163.40 | 97.71 | 261.11 | OK | |
r-release-linux-x86_64 | 1.7.1 | 160.82 | 101.25 | 262.07 | OK | |
r-release-macos-arm64 | 1.7.1 | 91.00 | NOTE | |||
r-release-macos-x86_64 | 1.7.1 | 113.00 | NOTE | |||
r-release-windows-x86_64 | 1.7.1 | 151.00 | 131.00 | 282.00 | OK | |
r-oldrel-macos-arm64 | 1.7.1 | 92.00 | NOTE | |||
r-oldrel-macos-x86_64 | 1.7.1 | 160.00 | NOTE | |||
r-oldrel-windows-x86_64 | 1.7.1 | 184.00 | 158.00 | 342.00 | OK |
Version: 1.7.1
Check: installed package size
Result: NOTE
installed size is 38.2Mb
sub-directories of 1Mb or more:
libs 37.6Mb
Flavors: r-release-macos-arm64, r-release-macos-x86_64, r-oldrel-macos-arm64, r-oldrel-macos-x86_64