Last updated on 2024-08-16 01:48:30 CEST.
Flavor | Version | Tinstall | Tcheck | Ttotal | Status | Flags |
---|---|---|---|---|---|---|
r-devel-linux-x86_64-debian-clang | 2.0.0 | 3.46 | 33.23 | 36.69 | NOTE | |
r-devel-linux-x86_64-debian-gcc | 2.0.0 | 1.75 | 24.74 | 26.49 | NOTE | |
r-devel-linux-x86_64-fedora-clang | 2.0.0 | 59.89 | NOTE | |||
r-devel-linux-x86_64-fedora-gcc | 2.0.0 | 56.56 | NOTE | |||
r-devel-windows-x86_64 | 2.0.0 | 4.00 | 55.00 | 59.00 | OK | |
r-patched-linux-x86_64 | 2.0.0 | 2.33 | 32.53 | 34.86 | NOTE | |
r-release-linux-x86_64 | 2.0.0 | 3.18 | 32.05 | 35.23 | NOTE | |
r-release-macos-arm64 | 2.0.0 | 26.00 | NOTE | |||
r-release-macos-x86_64 | 2.0.0 | 33.00 | NOTE | |||
r-release-windows-x86_64 | 2.0.0 | 4.00 | 56.00 | 60.00 | OK | |
r-oldrel-macos-arm64 | 2.0.0 | 30.00 | OK | |||
r-oldrel-macos-x86_64 | 2.0.0 | 33.00 | OK | |||
r-oldrel-windows-x86_64 | 2.0.0 | 5.00 | 62.00 | 67.00 | OK |
Version: 2.0.0
Check: package dependencies
Result: NOTE
Package suggested but not available for checking: ‘captioner’
Flavors: r-devel-linux-x86_64-debian-clang, r-devel-linux-x86_64-debian-gcc, r-devel-linux-x86_64-fedora-clang, r-devel-linux-x86_64-fedora-gcc, r-patched-linux-x86_64, r-release-linux-x86_64, r-release-macos-arm64, r-release-macos-x86_64