Last updated on 2024-08-16 01:48:30 CEST.
Flavor | Version | Tinstall | Tcheck | Ttotal | Status | Flags |
---|---|---|---|---|---|---|
r-devel-linux-x86_64-debian-clang | 1.8.0 | 6.91 | 120.56 | 127.47 | OK | |
r-devel-linux-x86_64-debian-gcc | 1.8.0 | 6.20 | 82.20 | 88.40 | OK | |
r-devel-linux-x86_64-fedora-clang | 1.8.0 | 204.32 | NOTE | |||
r-devel-linux-x86_64-fedora-gcc | 1.8.0 | 218.95 | OK | |||
r-devel-windows-x86_64 | 1.8.0 | 9.00 | 128.00 | 137.00 | OK | |
r-patched-linux-x86_64 | 1.8.0 | 7.91 | 109.80 | 117.71 | OK | |
r-release-linux-x86_64 | 1.8.0 | 8.04 | 114.53 | 122.57 | OK | |
r-release-macos-arm64 | 1.8.0 | 61.00 | OK | |||
r-release-macos-x86_64 | 1.8.0 | 128.00 | OK | |||
r-release-windows-x86_64 | 1.8.0 | 10.00 | 127.00 | 137.00 | OK | |
r-oldrel-macos-arm64 | 1.8.0 | 87.00 | OK | |||
r-oldrel-macos-x86_64 | 1.8.0 | 164.00 | OK | |||
r-oldrel-windows-x86_64 | 1.8.0 | 12.00 | 153.00 | 165.00 | OK |
Version: 1.8.0
Check: Rd cross-references
Result: NOTE
Undeclared package ‘mice’ in Rd xrefs
Flavor: r-devel-linux-x86_64-fedora-clang