Last updated on 2024-08-16 01:48:30 CEST.
Flavor | Version | Tinstall | Tcheck | Ttotal | Status | Flags |
---|---|---|---|---|---|---|
r-devel-linux-x86_64-debian-clang | 4.0.2 | 162.81 | 434.60 | 597.41 | OK | |
r-devel-linux-x86_64-debian-gcc | 4.0.2 | 117.21 | 273.37 | 390.58 | OK | |
r-devel-linux-x86_64-fedora-clang | 4.0.2 | 972.40 | NOTE | |||
r-devel-linux-x86_64-fedora-gcc | 4.0.2 | 1009.32 | OK | |||
r-devel-windows-x86_64 | 4.0.2 | 160.00 | 194.00 | 354.00 | NOTE | --no-vignettes |
r-patched-linux-x86_64 | 4.0.2 | 170.92 | 403.77 | 574.69 | OK | |
r-release-linux-x86_64 | 4.0.2 | 165.35 | 394.58 | 559.93 | OK | |
r-release-macos-arm64 | 4.0.2 | 237.00 | NOTE | |||
r-release-macos-x86_64 | 4.0.2 | 541.00 | NOTE | |||
r-release-windows-x86_64 | 4.0.2 | 160.00 | 188.00 | 348.00 | NOTE | --no-vignettes |
r-oldrel-macos-arm64 | 4.0.2 | 324.00 | NOTE | |||
r-oldrel-macos-x86_64 | 4.0.2 | 645.00 | NOTE | |||
r-oldrel-windows-x86_64 | 4.0.2 | 195.00 | 219.00 | 414.00 | NOTE | --no-vignettes |
Version: 4.0.2
Check: installed package size
Result: NOTE
installed size is 6.0Mb
sub-directories of 1Mb or more:
R 1.2Mb
doc 3.4Mb
Flavors: r-devel-linux-x86_64-fedora-clang, r-release-macos-arm64, r-release-macos-x86_64, r-oldrel-macos-arm64, r-oldrel-macos-x86_64
Version: 4.0.2
Flags: --no-vignettes
Check: package dependencies
Result: NOTE
Package suggested but not available for checking: 'doMC'
Flavors: r-devel-windows-x86_64, r-release-windows-x86_64, r-oldrel-windows-x86_64
Version: 4.0.2
Flags: --no-vignettes
Check: installed package size
Result: NOTE
installed size is 6.6Mb
sub-directories of 1Mb or more:
R 1.2Mb
doc 3.3Mb
libs 1.6Mb
Flavors: r-devel-windows-x86_64, r-release-windows-x86_64, r-oldrel-windows-x86_64