Last updated on 2025-02-14 02:49:55 CET.
Flavor | Version | Tinstall | Tcheck | Ttotal | Status | Flags |
---|---|---|---|---|---|---|
r-devel-linux-x86_64-debian-clang | 1.2.0 | 10.92 | 120.16 | 131.08 | NOTE | |
r-devel-linux-x86_64-debian-gcc | 1.2.0 | 6.27 | 76.91 | 83.18 | NOTE | |
r-devel-linux-x86_64-fedora-clang | 1.2.0 | 211.57 | OK | |||
r-devel-linux-x86_64-fedora-gcc | 1.2.0 | 212.26 | OK | |||
r-devel-windows-x86_64 | 1.2.0 | 11.00 | 125.00 | 136.00 | NOTE | |
r-patched-linux-x86_64 | 1.2.0 | 15.74 | 114.32 | 130.06 | OK | |
r-release-linux-x86_64 | 1.2.0 | 9.27 | 111.16 | 120.43 | OK | |
r-release-macos-arm64 | 1.2.0 | 52.00 | OK | |||
r-release-macos-x86_64 | 1.2.0 | 91.00 | OK | |||
r-release-windows-x86_64 | 1.2.0 | 11.00 | 128.00 | 139.00 | OK | |
r-oldrel-macos-arm64 | 1.2.0 | 62.00 | OK | |||
r-oldrel-macos-x86_64 | 1.2.0 | 120.00 | OK | |||
r-oldrel-windows-x86_64 | 1.2.0 | 13.00 | 146.00 | 159.00 | OK |
Version: 1.2.0
Check: Rd cross-references
Result: NOTE
Found the following Rd file(s) with Rd \link{} targets missing package
anchors:
plot_paths.Rd: facet_wrap
Please provide package anchors for all Rd \link{} targets not in the
package itself and the base packages.
Flavors: r-devel-linux-x86_64-debian-clang, r-devel-linux-x86_64-debian-gcc, r-devel-windows-x86_64