Last updated on 2025-02-11 01:49:19 CET.
Flavor | Version | Tinstall | Tcheck | Ttotal | Status | Flags |
---|---|---|---|---|---|---|
r-devel-linux-x86_64-debian-clang | 2.1.1 | 19.50 | 131.44 | 150.94 | NOTE | |
r-devel-linux-x86_64-debian-gcc | 2.1.1 | 10.62 | 77.88 | 88.50 | NOTE | |
r-devel-linux-x86_64-fedora-clang | 2.1.1 | 252.82 | NOTE | |||
r-devel-linux-x86_64-fedora-gcc | 2.1.1 | 235.25 | NOTE | |||
r-devel-windows-x86_64 | 2.1.1 | 17.00 | 143.00 | 160.00 | NOTE | |
r-patched-linux-x86_64 | 2.1.1 | 19.23 | 121.86 | 141.09 | NOTE | |
r-release-linux-x86_64 | 2.1.1 | 16.51 | 123.18 | 139.69 | NOTE | |
r-release-macos-arm64 | 2.1.1 | 63.00 | NOTE | |||
r-release-macos-x86_64 | 2.1.1 | 125.00 | NOTE | |||
r-release-windows-x86_64 | 2.1.1 | 20.00 | 142.00 | 162.00 | NOTE | |
r-oldrel-macos-arm64 | 2.1.1 | 59.00 | OK | |||
r-oldrel-macos-x86_64 | 2.1.1 | 108.00 | OK | |||
r-oldrel-windows-x86_64 | 2.1.1 | 23.00 | 175.00 | 198.00 | OK |
Version: 2.1.1
Check: Rd files
Result: NOTE
checkRd: (-1) plot.selm.Rd:101: Lost braces
101 | data. Default value for code{which} is \code{2:4} if \code{p>1}, otherwise
| ^
Flavors: r-devel-linux-x86_64-debian-clang, r-devel-linux-x86_64-debian-gcc, r-devel-linux-x86_64-fedora-clang, r-devel-linux-x86_64-fedora-gcc, r-devel-windows-x86_64, r-patched-linux-x86_64, r-release-linux-x86_64, r-release-macos-arm64, r-release-macos-x86_64, r-release-windows-x86_64