Last updated on 2024-08-16 01:48:30 CEST.
Flavor | Version | Tinstall | Tcheck | Ttotal | Status | Flags |
---|---|---|---|---|---|---|
r-devel-linux-x86_64-debian-clang | 1.0.0 | 0.64 | 1.84 | 2.48 | ERROR | |
r-devel-linux-x86_64-debian-gcc | 1.0.0 | 0.43 | 1.76 | 2.19 | ERROR | |
r-devel-linux-x86_64-fedora-clang | 1.0.0 | 3.90 | ERROR | |||
r-devel-linux-x86_64-fedora-gcc | 1.0.0 | 4.14 | ERROR | |||
r-devel-windows-x86_64 | 1.0.0 | 21.00 | 241.00 | 262.00 | OK | |
r-patched-linux-x86_64 | 1.0.0 | 18.56 | 218.32 | 236.88 | OK | |
r-release-linux-x86_64 | 1.0.0 | 16.98 | 222.49 | 239.47 | OK | |
r-release-macos-arm64 | 1.0.0 | 112.00 | OK | |||
r-release-macos-x86_64 | 1.0.0 | 181.00 | OK | |||
r-release-windows-x86_64 | 1.0.0 | 22.00 | 238.00 | 260.00 | OK | |
r-oldrel-macos-arm64 | 1.0.0 | 11.00 | ERROR | |||
r-oldrel-macos-x86_64 | 1.0.0 | 13.00 | ERROR | |||
r-oldrel-windows-x86_64 | 1.0.0 | 27.00 | 285.00 | 312.00 | OK |
Version: 1.0.0
Check: package dependencies
Result: ERROR
Packages required but not available: 'GWASTools', 'gdsfmt'
Package suggested but not available for checking: ‘SNPRelate’
See section ‘The DESCRIPTION file’ in the ‘Writing R Extensions’
manual.
Flavors: r-devel-linux-x86_64-debian-clang, r-devel-linux-x86_64-debian-gcc, r-devel-linux-x86_64-fedora-clang, r-devel-linux-x86_64-fedora-gcc
Version: 1.0.0
Check: package dependencies
Result: ERROR
Package required but not available: ‘GWASTools’
See section ‘The DESCRIPTION file’ in the ‘Writing R Extensions’
manual.
Flavors: r-oldrel-macos-arm64, r-oldrel-macos-x86_64