CRAN Package Check Results for Package socialSim

Last updated on 2025-11-11 01:50:05 CET.

Flavor Version Tinstall Tcheck Ttotal Status Flags
r-devel-linux-x86_64-debian-clang 0.1.6 1.42 32.36 33.78 OK
r-devel-linux-x86_64-debian-gcc 0.1.6 1.61 25.70 27.31 OK
r-devel-linux-x86_64-fedora-clang 0.1.6 12.00 43.99 55.99 OK
r-devel-linux-x86_64-fedora-gcc 0.1.6 65.83 OK
r-devel-windows-x86_64 0.1.6 3.00 49.00 52.00 OK
r-patched-linux-x86_64 0.1.6 1.73 29.97 31.70 OK
r-release-linux-x86_64 0.1.6 1.67 29.99 31.66 OK
r-release-macos-arm64 0.1.6 1.00 26.00 27.00 OK
r-release-macos-x86_64 0.1.6 2.00 47.00 49.00 OK
r-release-windows-x86_64 0.1.6 3.00 49.00 52.00 OK
r-oldrel-macos-arm64 0.1.6 1.00 31.00 32.00 NOTE
r-oldrel-macos-x86_64 0.1.6 2.00 51.00 53.00 NOTE
r-oldrel-windows-x86_64 0.1.6 4.00 58.00 62.00 NOTE

Check Details

Version: 0.1.6
Check: package dependencies
Result: NOTE Package suggested but not available for checking: ‘cmdstanr’ Flavors: r-oldrel-macos-arm64, r-oldrel-macos-x86_64, r-oldrel-windows-x86_64