CRAN Package Check Results for Package som

Last updated on 2025-10-22 01:51:39 CEST.

Flavor Version Tinstall Tcheck Ttotal Status Flags
r-devel-linux-x86_64-debian-clang 0.3-5.2 4.32 23.83 28.15 OK
r-devel-linux-x86_64-debian-gcc 0.3-5.2 3.33 19.95 23.28 OK
r-devel-linux-x86_64-fedora-clang 0.3-5.2 24.00 21.85 45.85 NOTE
r-devel-linux-x86_64-fedora-gcc 0.3-5.2 10.00 29.96 39.96 NOTE
r-devel-windows-x86_64 0.3-5.2 8.00 45.00 53.00 OK
r-patched-linux-x86_64 0.3-5.2 4.00 22.77 26.77 OK
r-release-linux-x86_64 0.3-5.2 4.15 23.02 27.17 OK
r-release-macos-arm64 0.3-5.2 3.00 17.00 20.00 OK
r-release-macos-x86_64 0.3-5.2 6.00 26.00 32.00 OK
r-release-windows-x86_64 0.3-5.2 8.00 50.00 58.00 OK
r-oldrel-macos-arm64 0.3-5.2 3.00 18.00 21.00 OK
r-oldrel-macos-x86_64 0.3-5.2 8.00 25.00 33.00 OK
r-oldrel-windows-x86_64 0.3-5.2 8.00 49.00 57.00 OK

Check Details

Version: 0.3-5.2
Check: compiled code
Result: NOTE File ‘som/libs/som.so’: Found no calls to: ‘R_registerRoutines’, ‘R_useDynamicSymbols’ It is good practice to register native routines and to disable symbol search. See ‘Writing portable packages’ in the ‘Writing R Extensions’ manual. Flavors: r-devel-linux-x86_64-fedora-clang, r-devel-linux-x86_64-fedora-gcc