Last updated on 2025-11-13 01:50:35 CET.
| Flavor | Version | Tinstall | Tcheck | Ttotal | Status | Flags |
|---|---|---|---|---|---|---|
| r-devel-linux-x86_64-debian-clang | 0.0.9.2 | 7.08 | 53.18 | 60.26 | NOTE | |
| r-devel-linux-x86_64-debian-gcc | 0.0.9.2 | 5.07 | 39.57 | 44.64 | NOTE | |
| r-devel-linux-x86_64-fedora-clang | 0.0.9.2 | 34.00 | 67.40 | 101.40 | NOTE | |
| r-devel-linux-x86_64-fedora-gcc | 0.0.9.2 | 16.00 | 89.47 | 105.47 | NOTE | |
| r-devel-windows-x86_64 | 0.0.9.2 | 10.00 | 66.00 | 76.00 | OK | |
| r-patched-linux-x86_64 | 0.0.9.2 | 6.88 | 50.30 | 57.18 | OK | |
| r-release-linux-x86_64 | 0.0.9.2 | 5.81 | 51.05 | 56.86 | OK | |
| r-release-macos-arm64 | 0.0.9.2 | 3.00 | 32.00 | 35.00 | OK | |
| r-release-macos-x86_64 | 0.0.9.2 | 5.00 | 57.00 | 62.00 | OK | |
| r-release-windows-x86_64 | 0.0.9.2 | 8.00 | 66.00 | 74.00 | OK | |
| r-oldrel-macos-arm64 | 0.0.9.2 | 3.00 | 31.00 | 34.00 | OK | |
| r-oldrel-macos-x86_64 | 0.0.9.2 | 5.00 | 46.00 | 51.00 | OK | |
| r-oldrel-windows-x86_64 | 0.0.9.2 | 11.00 | 78.00 | 89.00 | OK |
Version: 0.0.9.2
Check: CRAN incoming feasibility
Result: NOTE
Maintainer: ‘Bruno Silva <bmsasilva@gmail.com>’
No Authors@R field in DESCRIPTION.
Please add one, modifying
Authors@R: person(given = "Bruno",
family = "Silva",
role = c("aut", "cre"),
email = "bmsasilva@gmail.com")
as necessary.
Flavors: r-devel-linux-x86_64-debian-clang, r-devel-linux-x86_64-debian-gcc
Version: 0.0.9.2
Check: dependencies in R code
Result: NOTE
Namespaces in Imports field not imported from:
‘RSQLite’ ‘dbplyr’
All declared Imports should be used.
Flavors: r-devel-linux-x86_64-fedora-clang, r-devel-linux-x86_64-fedora-gcc