Last updated on 2024-08-16 01:48:30 CEST.
Flavor | Version | Tinstall | Tcheck | Ttotal | Status | Flags |
---|---|---|---|---|---|---|
r-devel-linux-x86_64-debian-clang | 1.3 | 158.09 | 232.30 | 390.39 | OK | |
r-devel-linux-x86_64-debian-gcc | 1.3 | 107.59 | 172.15 | 279.74 | OK | |
r-devel-linux-x86_64-fedora-clang | 1.3 | 691.53 | OK | |||
r-devel-linux-x86_64-fedora-gcc | 1.3 | 715.26 | OK | |||
r-devel-windows-x86_64 | 1.3 | 171.00 | 277.00 | 448.00 | OK | |
r-patched-linux-x86_64 | 1.3 | 154.66 | 238.53 | 393.19 | OK | |
r-release-linux-x86_64 | 1.3 | 157.49 | 255.06 | 412.55 | OK | |
r-release-macos-arm64 | 1.3 | 233.00 | NOTE | |||
r-release-macos-x86_64 | 1.3 | 306.00 | NOTE | |||
r-release-windows-x86_64 | 1.3 | 170.00 | 282.00 | 452.00 | OK | |
r-oldrel-macos-arm64 | 1.3 | 267.00 | NOTE | |||
r-oldrel-macos-x86_64 | 1.3 | 366.00 | NOTE | |||
r-oldrel-windows-x86_64 | 1.3 | 200.00 | 364.00 | 564.00 | OK |
Version: 1.3
Check: installed package size
Result: NOTE
installed size is 8.8Mb
sub-directories of 1Mb or more:
libs 8.1Mb
Flavors: r-release-macos-arm64, r-release-macos-x86_64, r-oldrel-macos-arm64, r-oldrel-macos-x86_64