Last updated on 2024-08-16 01:48:31 CEST.
Flavor | Version | Tinstall | Tcheck | Ttotal | Status | Flags |
---|---|---|---|---|---|---|
r-devel-linux-x86_64-debian-clang | 0.5.0 | 8.85 | 52.18 | 61.03 | NOTE | |
r-devel-linux-x86_64-debian-gcc | 0.5.0 | 7.51 | 40.19 | 47.70 | NOTE | |
r-devel-linux-x86_64-fedora-clang | 0.5.0 | 97.25 | NOTE | |||
r-devel-linux-x86_64-fedora-gcc | 0.5.0 | 94.11 | NOTE | |||
r-devel-windows-x86_64 | 0.5.0 | 10.00 | 62.00 | 72.00 | OK | |
r-patched-linux-x86_64 | 0.5.0 | 9.05 | 49.05 | 58.10 | NOTE | |
r-release-linux-x86_64 | 0.5.0 | 7.92 | 50.44 | 58.36 | NOTE | |
r-release-macos-arm64 | 0.5.0 | 29.00 | OK | |||
r-release-macos-x86_64 | 0.5.0 | 42.00 | OK | |||
r-release-windows-x86_64 | 0.5.0 | 10.00 | 63.00 | 73.00 | OK | |
r-oldrel-macos-arm64 | 0.5.0 | 41.00 | OK | |||
r-oldrel-macos-x86_64 | 0.5.0 | 91.00 | OK | |||
r-oldrel-windows-x86_64 | 0.5.0 | 12.00 | 70.00 | 82.00 | OK |
Version: 0.5.0
Check: package dependencies
Result: NOTE
Package suggested but not available for checking: ‘antaresViz’
Flavors: r-devel-linux-x86_64-debian-clang, r-devel-linux-x86_64-debian-gcc, r-devel-linux-x86_64-fedora-clang, r-devel-linux-x86_64-fedora-gcc, r-patched-linux-x86_64, r-release-linux-x86_64
Version: 0.5.0
Check: Rd cross-references
Result: NOTE
Unknown package ‘antaresViz’ in Rd xrefs
Flavors: r-devel-linux-x86_64-debian-clang, r-devel-linux-x86_64-debian-gcc, r-devel-linux-x86_64-fedora-clang, r-devel-linux-x86_64-fedora-gcc, r-patched-linux-x86_64, r-release-linux-x86_64