CRAN Package Check Results for Package spacyr

Last updated on 2025-10-21 01:48:47 CEST.

Flavor Version Tinstall Tcheck Ttotal Status Flags
r-devel-linux-x86_64-debian-clang 1.3.0 3.72 38.54 42.26 OK
r-devel-linux-x86_64-debian-gcc 1.3.0 2.46 28.92 31.38 NOTE
r-devel-linux-x86_64-fedora-clang 1.3.0 66.39 OK
r-devel-linux-x86_64-fedora-gcc 1.3.0 73.86 OK
r-devel-windows-x86_64 1.3.0 5.00 57.00 62.00 OK
r-patched-linux-x86_64 1.3.0 3.64 35.02 38.66 OK
r-release-linux-x86_64 1.3.0 3.43 35.42 38.85 OK
r-release-macos-arm64 1.3.0 37.00 OK
r-release-macos-x86_64 1.3.0 75.00 OK
r-release-windows-x86_64 1.3.0 5.00 58.00 63.00 OK
r-oldrel-macos-arm64 1.3.0 27.00 OK
r-oldrel-macos-x86_64 1.3.0 42.00 OK
r-oldrel-windows-x86_64 1.3.0 6.00 67.00 73.00 OK

Check Details

Version: 1.3.0
Check: HTML version of manual
Result: NOTE Found the following HTML validation problems: spacy_download_langmodel_virtualenv.html:47:1 (spacy_download_langmodel_virtualenv.Rd:10): Warning: missing </ul> before </div> spacy_install_virtualenv.html:46:1 (spacy_install_virtualenv.Rd:10): Warning: missing </ul> before </div> spacy_uninstall.html:46:1 (spacy_uninstall.Rd:10): Warning: missing </ul> before </div> Flavor: r-devel-linux-x86_64-debian-gcc