Last updated on 2025-02-05 02:49:02 CET.
Flavor | Version | Tinstall | Tcheck | Ttotal | Status | Flags |
---|---|---|---|---|---|---|
r-devel-linux-x86_64-debian-clang | 0.6.0 | 1.89 | 52.32 | 54.21 | OK | |
r-devel-linux-x86_64-debian-gcc | 0.6.0 | 1.56 | 39.61 | 41.17 | OK | |
r-devel-linux-x86_64-fedora-clang | 0.6.0 | 91.51 | NOTE | |||
r-devel-linux-x86_64-fedora-gcc | 0.6.0 | 112.92 | NOTE | |||
r-devel-windows-x86_64 | 0.6.0 | 3.00 | 119.00 | 122.00 | OK | |
r-patched-linux-x86_64 | 0.6.0 | 1.89 | 49.75 | 51.64 | NOTE | |
r-release-linux-x86_64 | 0.6.0 | 1.88 | 49.46 | 51.34 | NOTE | |
r-release-macos-arm64 | 0.6.0 | 44.00 | NOTE | |||
r-release-macos-x86_64 | 0.6.0 | 66.00 | NOTE | |||
r-release-windows-x86_64 | 0.6.0 | 3.00 | 111.00 | 114.00 | NOTE | |
r-oldrel-macos-arm64 | 0.6.0 | 44.00 | NOTE | |||
r-oldrel-macos-x86_64 | 0.6.0 | 70.00 | NOTE | |||
r-oldrel-windows-x86_64 | 0.6.0 | 3.00 | 115.00 | 118.00 | NOTE |
Version: 0.6.0
Check: dependencies in R code
Result: NOTE
Namespace in Imports field not imported from: ‘utils’
All declared Imports should be used.
Flavors: r-devel-linux-x86_64-fedora-clang, r-devel-linux-x86_64-fedora-gcc
Version: 0.6.0
Check: LazyData
Result: NOTE
'LazyData' is specified without a 'data' directory
Flavors: r-patched-linux-x86_64, r-release-linux-x86_64, r-release-macos-arm64, r-release-macos-x86_64, r-release-windows-x86_64, r-oldrel-macos-arm64, r-oldrel-macos-x86_64, r-oldrel-windows-x86_64