Last updated on 2024-05-27 02:48:17 CEST.
Flavor | Version | Tinstall | Tcheck | Ttotal | Status | Flags |
---|---|---|---|---|---|---|
r-devel-linux-x86_64-debian-clang | 1.0.0 | 2.42 | 22.10 | 24.52 | NOTE | |
r-devel-linux-x86_64-debian-gcc | 1.0.0 | 1.70 | 17.70 | 19.40 | NOTE | |
r-devel-linux-x86_64-fedora-clang | 1.0.0 | 32.01 | NOTE | |||
r-devel-linux-x86_64-fedora-gcc | 1.0.0 | 31.70 | NOTE | |||
r-devel-windows-x86_64 | 1.0.0 | 2.00 | 39.00 | 41.00 | NOTE | |
r-patched-linux-x86_64 | 1.0.0 | 2.39 | 21.67 | 24.06 | NOTE | |
r-release-linux-x86_64 | 1.0.0 | 1.81 | 22.23 | 24.04 | NOTE | |
r-release-macos-arm64 | 1.0.0 | 16.00 | NOTE | |||
r-release-windows-x86_64 | 1.0.0 | 3.00 | 39.00 | 42.00 | NOTE | |
r-oldrel-macos-arm64 | 1.0.0 | 16.00 | NOTE | |||
r-oldrel-macos-x86_64 | 1.0.0 | 20.00 | NOTE | |||
r-oldrel-windows-x86_64 | 1.0.0 | 5.00 | 40.00 | 45.00 | NOTE |
Version: 1.0.0
Check: LazyData
Result: NOTE
'LazyData' is specified without a 'data' directory
Flavors: r-devel-linux-x86_64-debian-clang, r-devel-linux-x86_64-debian-gcc, r-devel-linux-x86_64-fedora-clang, r-devel-linux-x86_64-fedora-gcc, r-devel-windows-x86_64, r-patched-linux-x86_64, r-release-linux-x86_64, r-release-macos-arm64, r-release-windows-x86_64, r-oldrel-macos-arm64, r-oldrel-macos-x86_64, r-oldrel-windows-x86_64