Last updated on 2025-10-21 01:48:47 CEST.
Flavor | Version | Tinstall | Tcheck | Ttotal | Status | Flags |
---|---|---|---|---|---|---|
r-devel-linux-x86_64-debian-clang | 0.6.0 | 32.97 | 490.59 | 523.56 | OK | |
r-devel-linux-x86_64-debian-gcc | 0.6.0 | 27.01 | 344.76 | 371.77 | NOTE | |
r-devel-linux-x86_64-fedora-clang | 0.6.0 | 902.81 | OK | |||
r-devel-linux-x86_64-fedora-gcc | 0.6.0 | 934.26 | OK | |||
r-devel-windows-x86_64 | 0.6.0 | 46.00 | 383.00 | 429.00 | OK | |
r-patched-linux-x86_64 | 0.6.0 | 39.30 | 478.30 | 517.60 | OK | |
r-release-linux-x86_64 | 0.6.0 | 36.97 | 479.82 | 516.79 | OK | |
r-release-macos-arm64 | 0.6.0 | 175.00 | OK | |||
r-release-macos-x86_64 | 0.6.0 | 460.00 | OK | |||
r-release-windows-x86_64 | 0.6.0 | 43.00 | 379.00 | 422.00 | OK | |
r-oldrel-macos-arm64 | 0.6.0 | 172.00 | OK | |||
r-oldrel-macos-x86_64 | 0.6.0 | 410.00 | OK | |||
r-oldrel-windows-x86_64 | 0.6.0 | 59.00 | 524.00 | 583.00 | OK |
Version: 0.6.0
Check: HTML version of manual
Result: NOTE
Found the following HTML validation problems:
buffer_indices.html:62:1 (buffer_indices.Rd:20): Warning: missing </ul> before </div>
check_v.html:47:1 (check_v.Rd:11): Warning: missing </ul> before </div>
Flavor: r-devel-linux-x86_64-debian-gcc