Last updated on 2025-10-21 01:48:47 CEST.
Flavor | Version | Tinstall | Tcheck | Ttotal | Status | Flags |
---|---|---|---|---|---|---|
r-devel-linux-x86_64-debian-clang | 0.0.5 | 5.57 | 66.40 | 71.97 | NOTE | |
r-devel-linux-x86_64-debian-gcc | 0.0.5 | 4.03 | 50.51 | 54.54 | NOTE | |
r-devel-linux-x86_64-fedora-clang | 0.0.5 | 111.57 | NOTE | |||
r-devel-linux-x86_64-fedora-gcc | 0.0.5 | 114.57 | NOTE | |||
r-devel-windows-x86_64 | 0.0.5 | 9.00 | 83.00 | 92.00 | NOTE | |
r-patched-linux-x86_64 | 0.0.5 | 6.77 | 62.21 | 68.98 | NOTE | |
r-release-linux-x86_64 | 0.0.5 | 5.31 | 63.25 | 68.56 | NOTE | |
r-release-macos-arm64 | 0.0.5 | 41.00 | NOTE | |||
r-release-macos-x86_64 | 0.0.5 | 79.00 | NOTE | |||
r-release-windows-x86_64 | 0.0.5 | 10.00 | 85.00 | 95.00 | NOTE | |
r-oldrel-macos-arm64 | 0.0.5 | 41.00 | OK | |||
r-oldrel-macos-x86_64 | 0.0.5 | 65.00 | OK | |||
r-oldrel-windows-x86_64 | 0.0.5 | 12.00 | 99.00 | 111.00 | OK |
Version: 0.0.5
Check: DESCRIPTION meta-information
Result: NOTE
Missing dependency on R >= 4.1.0 because package code uses the pipe
|> or function shorthand \(...) syntax added in R 4.1.0.
File(s) using such syntax:
‘federov.R’
Flavors: r-devel-linux-x86_64-debian-clang, r-devel-linux-x86_64-debian-gcc, r-devel-linux-x86_64-fedora-clang, r-devel-linux-x86_64-fedora-gcc, r-devel-windows-x86_64, r-patched-linux-x86_64, r-release-linux-x86_64, r-release-macos-arm64, r-release-macos-x86_64, r-release-windows-x86_64
Version: 0.0.5
Check: HTML version of manual
Result: NOTE
Found the following HTML validation problems:
extract_level_occurrence.html:54:1 (extract_level_occurrence.Rd:12): Warning: missing </ul> before </div>
extract_param_distribution.html:47:1 (extract_param_distribution.Rd:11): Warning: missing </ul> before </div>
extract_prior_distribution.html:47:1 (extract_prior_distribution.Rd:11): Warning: missing </ul> before </div>
extract_specified.html:52:1 (extract_specified.Rd:12): Warning: missing </ul> before </div>
level_balance.html:52:1 (level_balance.Rd:13): Warning: missing </ul> before </div>
make_pseudo_random.html:54:1 (make_pseudo_random.Rd:14): Warning: missing </ul> before </div>
make_scrambled_sobol.html:59:1 (make_scrambled_sobol.Rd:16): Warning: missing </ul> before </div>
make_standard_halton.html:54:1 (make_standard_halton.Rd:14): Warning: missing </ul> before </div>
make_standard_sobol.html:58:1 (make_standard_sobol.Rd:16): Warning: missing </ul> before </div>
random_design_candidate.html:66:1 (random_design_candidate.Rd:24): Warning: missing </ul> before </div>
remove_prior.html:50:1 (remove_prior.Rd:12): Warning: missing </ul> before </div>
remove_square_brackets.html:46:1 (remove_square_brackets.Rd:10): Warning: missing </ul> before </div>
rsc.html:105:1 (rsc.Rd:50): Warning: missing </ul> before </div>
shuffle.html:46:1 (shuffle.Rd:10): Warning: missing </ul> before </div>
transform_lognormal.html:54:1 (transform_lognormal.Rd:14): Warning: missing </ul> before </div>
transform_normal.html:54:1 (transform_normal.Rd:14): Warning: missing </ul> before </div>
transform_triangular.html:54:1 (transform_triangular.Rd:14): Warning: missing </ul> before </div>
transform_uniform.html:54:1 (transform_uniform.Rd:14): Warning: missing </ul> before </div>
Flavor: r-devel-linux-x86_64-debian-gcc