Last updated on 2025-10-26 01:50:02 CEST.
| Flavor | Version | Tinstall | Tcheck | Ttotal | Status | Flags |
|---|---|---|---|---|---|---|
| r-devel-linux-x86_64-debian-clang | 1.4-0 | 32.80 | 388.66 | 421.46 | NOTE | |
| r-devel-linux-x86_64-debian-gcc | 1.4-0 | 19.41 | 245.87 | 265.28 | NOTE | |
| r-devel-linux-x86_64-fedora-clang | 1.4-0 | 104.00 | 538.07 | 642.07 | OK | |
| r-devel-linux-x86_64-fedora-gcc | 1.4-0 | 155.00 | 548.47 | 703.47 | NOTE | |
| r-devel-windows-x86_64 | 1.4-0 | 29.00 | 301.00 | 330.00 | OK | |
| r-patched-linux-x86_64 | 1.4-0 | 32.32 | 367.27 | 399.59 | OK | |
| r-release-linux-x86_64 | 1.4-0 | 29.95 | 368.65 | 398.60 | OK | |
| r-release-macos-arm64 | 1.4-0 | 11.00 | 138.00 | 149.00 | OK | |
| r-release-macos-x86_64 | 1.4-0 | 24.00 | 299.00 | 323.00 | OK | |
| r-release-windows-x86_64 | 1.4-0 | 30.00 | 302.00 | 332.00 | OK | |
| r-oldrel-macos-arm64 | 1.4-0 | 12.00 | 137.00 | 149.00 | OK | |
| r-oldrel-macos-x86_64 | 1.4-0 | 19.00 | 242.00 | 261.00 | OK | |
| r-oldrel-windows-x86_64 | 1.4-0 | 37.00 | 427.00 | 464.00 | OK |
Version: 1.4-0
Check: Rd files
Result: NOTE
checkRd: (-1) defineUM.Rd:72-88: Only 6 columns allowed in this table (row 1 has 4)
checkRd: (-1) defineUM.Rd:72-88: Only 6 columns allowed in this table (row 2 has 4)
checkRd: (-1) defineUM.Rd:72-88: Only 6 columns allowed in this table (row 3 has 4)
checkRd: (-1) defineUM.Rd:72-88: Only 6 columns allowed in this table (row 4 has 4)
checkRd: (-1) defineUM.Rd:72-88: Only 6 columns allowed in this table (row 5 has 4)
checkRd: (-1) defineUM.Rd:72-88: Only 6 columns allowed in this table (row 6 has 4)
checkRd: (-1) defineUM.Rd:72-88: Only 6 columns allowed in this table (row 7 has 4)
checkRd: (-1) defineUM.Rd:72-88: Only 6 columns allowed in this table (row 8 has 4)
checkRd: (-1) defineUM.Rd:72-88: Only 6 columns allowed in this table (row 9 has 4)
checkRd: (-1) defineUM.Rd:72-88: Only 6 columns allowed in this table (row 10 has 4)
checkRd: (-1) defineUM.Rd:72-88: Only 6 columns allowed in this table (row 11 has 4)
checkRd: (-1) defineUM.Rd:72-88: Only 6 columns allowed in this table (row 12 has 4)
checkRd: (-1) defineUM.Rd:72-88: Only 6 columns allowed in this table (row 13 has 4)
checkRd: (-1) defineUM.Rd:72-88: Only 6 columns allowed in this table (row 14 has 4)
checkRd: (-1) defineUM.Rd:72-88: Only 6 columns allowed in this table (row 15 has 4)
checkRd: (-1) defineUM.Rd:72-88: Only 6 columns allowed in this table (row 16 has 4)
Flavors: r-devel-linux-x86_64-debian-clang, r-devel-linux-x86_64-debian-gcc, r-devel-linux-x86_64-fedora-gcc