Last updated on 2024-08-16 01:48:31 CEST.
Flavor | Version | Tinstall | Tcheck | Ttotal | Status | Flags |
---|---|---|---|---|---|---|
r-devel-linux-x86_64-debian-clang | 1.1.6 | 796.77 | 135.30 | 932.07 | NOTE | |
r-devel-linux-x86_64-debian-gcc | 1.1.6 | 674.72 | 145.22 | 819.94 | NOTE | |
r-devel-linux-x86_64-fedora-clang | 1.1.6 | 1361.07 | NOTE | |||
r-devel-linux-x86_64-fedora-gcc | 1.1.6 | 2034.03 | NOTE | |||
r-devel-windows-x86_64 | 1.1.6 | 681.00 | 217.00 | 898.00 | NOTE | |
r-patched-linux-x86_64 | 1.1.6 | 902.10 | 192.81 | 1094.91 | NOTE | |
r-release-linux-x86_64 | 1.1.6 | 888.47 | 194.60 | 1083.07 | NOTE | |
r-release-macos-arm64 | 1.1.6 | 340.00 | NOTE | |||
r-release-macos-x86_64 | 1.1.6 | 298.00 | NOTE | |||
r-release-windows-x86_64 | 1.1.6 | 692.00 | 209.00 | 901.00 | NOTE | |
r-oldrel-macos-arm64 | 1.1.6 | 359.00 | NOTE | |||
r-oldrel-macos-x86_64 | 1.1.6 | 584.00 | NOTE | |||
r-oldrel-windows-x86_64 | 1.1.6 | 929.00 | 263.00 | 1192.00 | NOTE |
Version: 1.1.6
Check: for GNU extensions in Makefiles
Result: NOTE
GNU make is a SystemRequirements.
Flavors: r-devel-linux-x86_64-debian-clang, r-devel-linux-x86_64-debian-gcc, r-devel-linux-x86_64-fedora-clang, r-devel-linux-x86_64-fedora-gcc, r-devel-windows-x86_64, r-patched-linux-x86_64, r-release-linux-x86_64, r-release-macos-arm64, r-release-macos-x86_64, r-release-windows-x86_64, r-oldrel-macos-arm64, r-oldrel-macos-x86_64, r-oldrel-windows-x86_64
Version: 1.1.6
Check: installed package size
Result: NOTE
installed size is 9.2Mb
sub-directories of 1Mb or more:
libs 8.7Mb
Flavors: r-devel-linux-x86_64-fedora-clang, r-devel-windows-x86_64, r-release-macos-arm64, r-release-macos-x86_64, r-release-windows-x86_64, r-oldrel-macos-arm64, r-oldrel-macos-x86_64, r-oldrel-windows-x86_64