Last updated on 2024-07-27 01:53:24 CEST.
Flavor | Version | Tinstall | Tcheck | Ttotal | Status | Flags |
---|---|---|---|---|---|---|
r-devel-linux-x86_64-debian-clang | 0.1.0 | 56.70 | 563.45 | 620.15 | OK | |
r-devel-linux-x86_64-debian-gcc | 0.1.0 | 53.21 | 411.81 | 465.02 | OK | |
r-devel-linux-x86_64-fedora-clang | 0.1.0 | 729.75 | OK | |||
r-devel-linux-x86_64-fedora-gcc | 0.1.0 | 749.95 | OK | |||
r-patched-linux-x86_64 | 0.1.0 | OK | ||||
r-release-macos-arm64 | 0.1.0 | 205.00 | OK | |||
r-release-macos-x86_64 | 0.1.0 | 596.00 | OK | |||
r-release-windows-x86_64 | 0.1.0 | 12.00 | 6.00 | 18.00 | ERROR | |
r-oldrel-macos-arm64 | 0.1.0 | 10.00 | ERROR | |||
r-oldrel-macos-x86_64 | 0.1.0 | 11.00 | ERROR | |||
r-oldrel-windows-x86_64 | 0.1.0 | 69.00 | 498.00 | 567.00 | OK |
Version: 0.1.0
Check: whether package can be installed
Result: ERROR
Installation failed.
Flavor: r-release-windows-x86_64
Version: 0.1.0
Check: package dependencies
Result: ERROR
Package required but not available: ‘GSVA’
See section ‘The DESCRIPTION file’ in the ‘Writing R Extensions’
manual.
Flavors: r-oldrel-macos-arm64, r-oldrel-macos-x86_64